{"id":47,"date":"2016-08-04T08:07:25","date_gmt":"2016-08-04T11:07:25","guid":{"rendered":"http:\/\/nucleos.uepb.edu.br\/inovatec\/?page_id=47"},"modified":"2016-08-04T08:07:25","modified_gmt":"2016-08-04T11:07:25","slug":"softwares","status":"publish","type":"page","link":"https:\/\/coordenadorias.uepb.edu.br\/inovatec\/vitrine-tecnologica\/softwares\/","title":{"rendered":"Softwares"},"content":{"rendered":"<p><strong>SISCOBIB: SISTEMA INFORMATIZADO PARA EMISS\u00c3O E CONTROLE DE FICHAS CATALOGR\u00c1FICAS EM BIBLIOTECAS<\/strong><\/p>\n<p>Permite confec\u00e7\u00e3o \u00e1gil e eficaz de Fichas Catalogr\u00e1ficas e emiss\u00e3o de \u201cnada consta\u201d de alunos\/usu\u00e1rios da biblioteca.<\/p>\n<p>Oportunidades:<\/p>\n<ul>\n<li>Auxilia os bibliotec\u00e1rios na execu\u00e7\u00e3o de tarefas repetitivas na confec\u00e7\u00e3o e controle de Fichas Catalogr\u00e1ficas e emiss\u00e3o de \u201cnada consta\u201d;<\/li>\n<li>A tecnologia \u00e9 mais eficaz que as presentes atualmente no mercado.<\/li>\n<\/ul>\n<p>A tecnologia est\u00e1 depositada no INPI sob Registro de Computador com Pedido de n\u00ba 14013-0.<\/p>\n<p><strong>ECSYS: EASY CORRECTION SYSTEM<\/strong><\/p>\n<p>Ferramenta permite corre\u00e7\u00e3o de produ\u00e7\u00e3o textual (reda\u00e7\u00e3o) via web das provas de vestibulares e outros concursos.<\/p>\n<p>Oportunidades:<\/p>\n<ul>\n<li>Minimiza custos com avaliadores;<\/li>\n<li>Reduz o tempo necess\u00e1rio para a corre\u00e7\u00e3o das provas uma vez que podem ser enviadas a diferentes avaliadores ao mesmo tempo.<\/li>\n<\/ul>\n<p>A tecnologia est\u00e1 depositada no INPI sob Registro de Computador com Pedido de n\u00ba 11804-2.<\/p>\n<p><strong>NUSENSE<\/strong><\/p>\n<p>Um Framework Baseado em plug-ing para desenvolvimento de aplica\u00e7\u00e3o no contexto de Internet das Coisas (IoT &#8211; Internet of Things)<\/p>\n<p>A tecnologia est\u00e1 depositada no INPI sob Registro de Computador com Pedido de n\u00ba 512018051716-1.<\/p>\n<p><strong>NITGEST<\/strong><\/p>\n<p>Gerenciador de Banco de Dados<\/p>\n<p>A tecnologia est\u00e1 depositada no INPI sob Registro de Computador com Pedido de n\u00ba 512018052303-0.<\/p>\n","protected":false},"excerpt":{"rendered":"<p>SISCOBIB: SISTEMA INFORMATIZADO PARA EMISS\u00c3O E CONTROLE DE FICHAS CATALOGR\u00c1FICAS EM BIBLIOTECAS Permite confec\u00e7\u00e3o \u00e1gil e eficaz de Fichas Catalogr\u00e1ficas e emiss\u00e3o de \u201cnada consta\u201d de alunos\/usu\u00e1rios da biblioteca. Oportunidades: Auxilia os bibliotec\u00e1rios na execu\u00e7\u00e3o de tarefas repetitivas na confec\u00e7\u00e3o e controle de Fichas Catalogr\u00e1ficas e emiss\u00e3o de \u201cnada consta\u201d; A tecnologia \u00e9 mais eficaz <a class=\"leiamais\" href=\"https:\/\/coordenadorias.uepb.edu.br\/inovatec\/vitrine-tecnologica\/softwares\/\">Leia Mais&#8230;<\/a><\/p>\n","protected":false},"author":2,"featured_media":0,"parent":35,"menu_order":0,"comment_status":"closed","ping_status":"closed","template":"","meta":{"footnotes":""},"class_list":["post-47","page","type-page","status-publish","hentry"],"_links":{"self":[{"href":"https:\/\/coordenadorias.uepb.edu.br\/inovatec\/wp-json\/wp\/v2\/pages\/47","targetHints":{"allow":["GET"]}}],"collection":[{"href":"https:\/\/coordenadorias.uepb.edu.br\/inovatec\/wp-json\/wp\/v2\/pages"}],"about":[{"href":"https:\/\/coordenadorias.uepb.edu.br\/inovatec\/wp-json\/wp\/v2\/types\/page"}],"author":[{"embeddable":true,"href":"https:\/\/coordenadorias.uepb.edu.br\/inovatec\/wp-json\/wp\/v2\/users\/2"}],"replies":[{"embeddable":true,"href":"https:\/\/coordenadorias.uepb.edu.br\/inovatec\/wp-json\/wp\/v2\/comments?post=47"}],"version-history":[{"count":0,"href":"https:\/\/coordenadorias.uepb.edu.br\/inovatec\/wp-json\/wp\/v2\/pages\/47\/revisions"}],"up":[{"embeddable":true,"href":"https:\/\/coordenadorias.uepb.edu.br\/inovatec\/wp-json\/wp\/v2\/pages\/35"}],"wp:attachment":[{"href":"https:\/\/coordenadorias.uepb.edu.br\/inovatec\/wp-json\/wp\/v2\/media?parent=47"}],"curies":[{"name":"wp","href":"https:\/\/api.w.org\/{rel}","templated":true}]}}