{"id":45,"date":"2016-08-04T08:06:46","date_gmt":"2016-08-04T11:06:46","guid":{"rendered":"http:\/\/nucleos.uepb.edu.br\/inovatec\/?page_id=45"},"modified":"2016-08-04T08:06:46","modified_gmt":"2016-08-04T11:06:46","slug":"odontologia","status":"publish","type":"page","link":"https:\/\/coordenadorias.uepb.edu.br\/inovatec\/vitrine-tecnologica\/odontologia\/","title":{"rendered":"Odontologia"},"content":{"rendered":"<p style=\"text-align: justify\"><b>COMPOSI\u00c7\u00c3O A BASE DE EXTRATO VEGETAL PARA USO NA ENDODONTIA<\/b><\/p>\n<p style=\"text-align: justify\">A tecnologia diz respeito a uma medica\u00e7\u00e3o com formula\u00e7\u00e3o a base de extrato de uma planta do semi\u00e1rido com propriedades antimicrobianas. A formula\u00e7\u00e3o \u00e9 dirigida para produtos relacionados com os campos da medicina dent\u00e1ria, especialmente para uso na endodontia, e composi\u00e7\u00f5es farmac\u00eauticas para uso humano e animal.<\/p>\n<p style=\"text-align: justify\">O principal apelo da tecnologia \u00e9 a efic\u00e1cia no combate \u00e0 bact\u00e9ria <em>Enteroccocus faecalis<\/em> no interior de canais radiculares, o que n\u00e3o \u00e9 comum nas medica\u00e7\u00f5es intracanais dispon\u00edveis no mercado. Sendo, portanto, uma alternativa vi\u00e1vel para a ind\u00fastria de produtos de uso odontol\u00f3gico, possibilitando a introdu\u00e7\u00e3o no mercado de um novo fitoter\u00e1pico.<\/p>\n<p style=\"text-align: justify\">A tecnologia est\u00e1 depositada no INPI sob solicita\u00e7\u00e3o de Carta Patente com Protocolo de n\u00ba BR 10 2014 003325 4 A2.<\/p>\n","protected":false},"excerpt":{"rendered":"<p>COMPOSI\u00c7\u00c3O A BASE DE EXTRATO VEGETAL PARA USO NA ENDODONTIA A tecnologia diz respeito a uma medica\u00e7\u00e3o com formula\u00e7\u00e3o a base de extrato de uma planta do semi\u00e1rido com propriedades antimicrobianas. A formula\u00e7\u00e3o \u00e9 dirigida para produtos relacionados com os campos da medicina dent\u00e1ria, especialmente para uso na endodontia, e composi\u00e7\u00f5es farmac\u00eauticas para uso humano <a class=\"leiamais\" href=\"https:\/\/coordenadorias.uepb.edu.br\/inovatec\/vitrine-tecnologica\/odontologia\/\">Leia Mais&#8230;<\/a><\/p>\n","protected":false},"author":2,"featured_media":0,"parent":35,"menu_order":0,"comment_status":"closed","ping_status":"closed","template":"","meta":{"footnotes":""},"class_list":["post-45","page","type-page","status-publish","hentry"],"_links":{"self":[{"href":"https:\/\/coordenadorias.uepb.edu.br\/inovatec\/wp-json\/wp\/v2\/pages\/45","targetHints":{"allow":["GET"]}}],"collection":[{"href":"https:\/\/coordenadorias.uepb.edu.br\/inovatec\/wp-json\/wp\/v2\/pages"}],"about":[{"href":"https:\/\/coordenadorias.uepb.edu.br\/inovatec\/wp-json\/wp\/v2\/types\/page"}],"author":[{"embeddable":true,"href":"https:\/\/coordenadorias.uepb.edu.br\/inovatec\/wp-json\/wp\/v2\/users\/2"}],"replies":[{"embeddable":true,"href":"https:\/\/coordenadorias.uepb.edu.br\/inovatec\/wp-json\/wp\/v2\/comments?post=45"}],"version-history":[{"count":0,"href":"https:\/\/coordenadorias.uepb.edu.br\/inovatec\/wp-json\/wp\/v2\/pages\/45\/revisions"}],"up":[{"embeddable":true,"href":"https:\/\/coordenadorias.uepb.edu.br\/inovatec\/wp-json\/wp\/v2\/pages\/35"}],"wp:attachment":[{"href":"https:\/\/coordenadorias.uepb.edu.br\/inovatec\/wp-json\/wp\/v2\/media?parent=45"}],"curies":[{"name":"wp","href":"https:\/\/api.w.org\/{rel}","templated":true}]}}