{"id":43,"date":"2016-08-04T08:06:08","date_gmt":"2016-08-04T11:06:08","guid":{"rendered":"http:\/\/nucleos.uepb.edu.br\/inovatec\/?page_id=43"},"modified":"2016-08-04T08:06:08","modified_gmt":"2016-08-04T11:06:08","slug":"farmacia","status":"publish","type":"page","link":"https:\/\/coordenadorias.uepb.edu.br\/inovatec\/vitrine-tecnologica\/farmacia\/","title":{"rendered":"F\u00e1rmacos"},"content":{"rendered":"<p><strong>COMPOSTOS CUMAR\u00cdNICOS E SEUS USOS COMO ADJUVANTES DE ANTIBI\u00d3TICOS<\/strong><\/p>\n<p>Permite o uso de derivados cumar\u00ednicos com promissora a\u00e7\u00e3o modificadora da atividade antibi\u00f3tica, podendo ser utilizados na terap\u00eautica, para uso humano ou veterin\u00e1rio, como adjuvantes de antibi\u00f3ticos.<\/p>\n<p>A patente apresenta a\u00e7\u00e3o potencializadora da atividade antibi\u00f3tica permitindo o cont\u00ednuo efeito dos antibi\u00f3ticos para tratar infec\u00e7\u00f5es bacterianas j\u00e1 resistentes aos antibi\u00f3ticos tradicionais.<\/p>\n<p>A tecnologia est\u00e1 depositada no INPI sob solicita\u00e7\u00e3o de Carta Patente com Protocolo de n\u00ba BR 10 2013\u00a0027256 6 A2.<\/p>\n<p><strong>COMPOSTOS DERIVADOS CICLOALQUIL [B] TIOFENO E SEUS USOS COMO AGENTES ANTI-CANCER<\/strong><\/p>\n<p>Tecnologia diz respeito a novos compostos de derivados Tiofenos a serem utilizados na sa\u00fade humana ou animal para fins de tratamento, profilaxia paliativa ou diagn\u00f3stico do c\u00e2ncer.<\/p>\n<p>Exemplos espec\u00edficos de tipos de tumores que os compostos podem ser utilizados para o tratamento, incluem: sarcoma, carcinoma, glioblastoma e leucemia.<\/p>\n<p>A tecnologia est\u00e1 depositada no INPI sob solicita\u00e7\u00e3o de Carta Patente com Protocolo de n\u00ba BR 10 2013 031956 2 A2.<\/p>\n<p><strong><b>COMPOSTOS CUMAR\u00cdNICOS E SEU USO COMO AGENTE ANTI-MICOBACTERINOS DESTINADOS AO USO HUMANO E\/OU ANIMAL<\/b><\/strong><\/p>\n<p>Diz respeito a compostos qu\u00edmicos, da classe das cumarinas, que possuem promissora atividade antimicobacteriana, podendo portanto ser utilizado para fins de tratamento, profilaxia e paliativa da tuberculose e outras infec\u00e7\u00f5es causadas por bact\u00e9rias do g\u00eanero Micobacterium em animais ou seres humanos.<\/p>\n<p>A tecnologia est\u00e1 depositada no INPI sob solicita\u00e7\u00e3o de Carta Patente com Protocolo de n\u00ba BR 10 2014 012372 5 A2.<\/p>\n<p><strong><b>COMPOSTOS DE DERIVADOS COMPLEXOS MET\u00c1LICOS DE ESTANHO (IV) COMO AGENTES ADJUVANTES DA ATIVIDADE ANTIBI\u00d3TICA POR A\u00c7\u00c3O MODULADORA DE BOMBA DE EFLUXO<\/b><\/strong><\/p>\n<p>Trata-se de uma nova op\u00e7\u00e3o de mol\u00e9culas (compostos qu\u00edmicos), que podem se tornar medicamentos, capazes de modificar a atividade antibi\u00f3tica, agindo como compostos adjuvantes de antibi\u00f3ticos, ou seja, capazes de melhorar a a\u00e7\u00e3o de antibi\u00f3ticos frente a microorganismos que veem se mostrado resistentes ou multirresistentes quando administrados em associa\u00e7\u00e3o.<\/p>\n<p>A tecnologia est\u00e1 depositada no INPI sob solicita\u00e7\u00e3o de Carta Patente com Protocolo de n\u00ba BR 10 2016 025418 3 A2.<\/p>\n<p><strong>FORMULA\u00c7\u00c3O FARMAC\u00caUTICA CONTENDO DIETILCARBAMAZINA PARA USO NA PROFILAXIA E NO TRATAMENTO DE DOEN\u00c7AS INFLAMAT\u00d3RIAS HUMANAS E VETERIN\u00c1RIAS<\/strong><\/p>\n<p>A presente inven\u00e7\u00e3o refere-se ao uso de formula\u00e7\u00f5es farmac\u00eauticas e\/ou veterin\u00e1rias contendo dietilcarbamazina (DEC) para uso com fins terap\u00eautico para tratamento ou profilaxia de patologias inflamat\u00f3rias agudas ou cr\u00f4nicas em humanos e\/ou animais.<\/p>\n<p>Esta inven\u00e7\u00e3o se mostra como uma possibilidade adicional para o tratamento ou profilaxia de doen\u00e7as inflamat\u00f3rias em especial as doen\u00e7as cr\u00f4nicas, onde os medicamentos atualmente dispon\u00edveis n\u00e3o se mostram eficazes, mesmos ap\u00f3s v\u00e1rios anos de uso.<\/p>\n<p>A tecnologia est\u00e1 depositada no INPI sob solicita\u00e7\u00e3o de Carta Patente com Protocolo de n\u00ba BR 10 2017 002700 7 A2.<\/p>\n","protected":false},"excerpt":{"rendered":"<p>COMPOSTOS CUMAR\u00cdNICOS E SEUS USOS COMO ADJUVANTES DE ANTIBI\u00d3TICOS Permite o uso de derivados cumar\u00ednicos com promissora a\u00e7\u00e3o modificadora da atividade antibi\u00f3tica, podendo ser utilizados na terap\u00eautica, para uso humano ou veterin\u00e1rio, como adjuvantes de antibi\u00f3ticos. A patente apresenta a\u00e7\u00e3o potencializadora da atividade antibi\u00f3tica permitindo o cont\u00ednuo efeito dos antibi\u00f3ticos para tratar infec\u00e7\u00f5es bacterianas j\u00e1 <a class=\"leiamais\" href=\"https:\/\/coordenadorias.uepb.edu.br\/inovatec\/vitrine-tecnologica\/farmacia\/\">Leia Mais&#8230;<\/a><\/p>\n","protected":false},"author":2,"featured_media":0,"parent":35,"menu_order":0,"comment_status":"closed","ping_status":"closed","template":"","meta":{"footnotes":""},"class_list":["post-43","page","type-page","status-publish","hentry"],"_links":{"self":[{"href":"https:\/\/coordenadorias.uepb.edu.br\/inovatec\/wp-json\/wp\/v2\/pages\/43","targetHints":{"allow":["GET"]}}],"collection":[{"href":"https:\/\/coordenadorias.uepb.edu.br\/inovatec\/wp-json\/wp\/v2\/pages"}],"about":[{"href":"https:\/\/coordenadorias.uepb.edu.br\/inovatec\/wp-json\/wp\/v2\/types\/page"}],"author":[{"embeddable":true,"href":"https:\/\/coordenadorias.uepb.edu.br\/inovatec\/wp-json\/wp\/v2\/users\/2"}],"replies":[{"embeddable":true,"href":"https:\/\/coordenadorias.uepb.edu.br\/inovatec\/wp-json\/wp\/v2\/comments?post=43"}],"version-history":[{"count":0,"href":"https:\/\/coordenadorias.uepb.edu.br\/inovatec\/wp-json\/wp\/v2\/pages\/43\/revisions"}],"up":[{"embeddable":true,"href":"https:\/\/coordenadorias.uepb.edu.br\/inovatec\/wp-json\/wp\/v2\/pages\/35"}],"wp:attachment":[{"href":"https:\/\/coordenadorias.uepb.edu.br\/inovatec\/wp-json\/wp\/v2\/media?parent=43"}],"curies":[{"name":"wp","href":"https:\/\/api.w.org\/{rel}","templated":true}]}}