{"id":37,"date":"2016-08-04T08:04:33","date_gmt":"2016-08-04T11:04:33","guid":{"rendered":"http:\/\/nucleos.uepb.edu.br\/inovatec\/?page_id=37"},"modified":"2016-08-04T08:04:33","modified_gmt":"2016-08-04T11:04:33","slug":"agua","status":"publish","type":"page","link":"https:\/\/coordenadorias.uepb.edu.br\/inovatec\/vitrine-tecnologica\/agua\/","title":{"rendered":"Equipamentos"},"content":{"rendered":"<p><strong>DESTILADOR DE \u00c1GUA COMPACTO COM EFICI\u00caNCIA M\u00c1XIMA DE REUTILIZA\u00c7\u00c3O<\/strong><\/p>\n<p style=\"text-align: justify\">A Tecnologia apresenta alta efici\u00eancia na produ\u00e7\u00e3o de \u00e1gua destilada, podendo ter uma efici\u00eancia superior a 90% da \u00e1gua utilizada na produ\u00e7\u00e3o.<\/p>\n<p style=\"text-align: justify\">Oportunidades:<\/p>\n<ul style=\"text-align: justify\">\n<li>O equipamento oferece a possibilidade de produ\u00e7\u00e3o cont\u00ednua de \u00e1gua destilada a ser redimensionado para maiores ou menores fluxos;<\/li>\n<li>A maioria dos destiladores atualmente comercializados apresentam elevado consumo de \u00e1gua e destilam, por vez, quantidade limitada; e<\/li>\n<li>A tecnologia possui baixo custo de produ\u00e7\u00e3o.<\/li>\n<\/ul>\n<p style=\"text-align: justify\">A tecnologia est\u00e1 depositada no INPI sob solicita\u00e7\u00e3o de Carta Patente com Protocolo de n\u00ba\u00a0BR 10 2014 032306 6 A2.<\/p>\n<p><strong>SISTEMA DE DESTILA\u00c7\u00c3O DE \u00c1GUA DE ALTO RENDIMENTO COM USO DE ENERGIA SOLAR<\/strong><\/p>\n<p>Este equipamento \u00e9 destinado \u00e0 produ\u00e7\u00e3o de \u00e1gua destilada, com qualidade laboratorial e industrial para fins diversos, reduzindo significativamente o consumo de \u00e1gua e energia.<\/p>\n<p>O invento mescla a tecnologia da concentradora solar com a tecnologia de condensa\u00e7\u00e3o de \u00e1gua tipo pilsen econ\u00f4mica. Sendo assim, considera-se o invento sem equivalentes no mercado. Al\u00e9m disso, o equipamento tem produtividade estimada superior a outros destiladores comerciais, al\u00e9m de reduzir radicalmente o consumo de \u00e1gua e energia no processo de destila\u00e7\u00e3o.<\/p>\n<p>A tecnologia est\u00e1 depositada no INPI sob solicita\u00e7\u00e3o de Carta Patente com Protocolo de n\u00ba BR 10 2017 06183 3 A2.<\/p>\n","protected":false},"excerpt":{"rendered":"<p>DESTILADOR DE \u00c1GUA COMPACTO COM EFICI\u00caNCIA M\u00c1XIMA DE REUTILIZA\u00c7\u00c3O A Tecnologia apresenta alta efici\u00eancia na produ\u00e7\u00e3o de \u00e1gua destilada, podendo ter uma efici\u00eancia superior a 90% da \u00e1gua utilizada na produ\u00e7\u00e3o. Oportunidades: O equipamento oferece a possibilidade de produ\u00e7\u00e3o cont\u00ednua de \u00e1gua destilada a ser redimensionado para maiores ou menores fluxos; A maioria dos destiladores <a class=\"leiamais\" href=\"https:\/\/coordenadorias.uepb.edu.br\/inovatec\/vitrine-tecnologica\/agua\/\">Leia Mais&#8230;<\/a><\/p>\n","protected":false},"author":2,"featured_media":0,"parent":35,"menu_order":0,"comment_status":"closed","ping_status":"closed","template":"","meta":{"footnotes":""},"class_list":["post-37","page","type-page","status-publish","hentry"],"_links":{"self":[{"href":"https:\/\/coordenadorias.uepb.edu.br\/inovatec\/wp-json\/wp\/v2\/pages\/37","targetHints":{"allow":["GET"]}}],"collection":[{"href":"https:\/\/coordenadorias.uepb.edu.br\/inovatec\/wp-json\/wp\/v2\/pages"}],"about":[{"href":"https:\/\/coordenadorias.uepb.edu.br\/inovatec\/wp-json\/wp\/v2\/types\/page"}],"author":[{"embeddable":true,"href":"https:\/\/coordenadorias.uepb.edu.br\/inovatec\/wp-json\/wp\/v2\/users\/2"}],"replies":[{"embeddable":true,"href":"https:\/\/coordenadorias.uepb.edu.br\/inovatec\/wp-json\/wp\/v2\/comments?post=37"}],"version-history":[{"count":0,"href":"https:\/\/coordenadorias.uepb.edu.br\/inovatec\/wp-json\/wp\/v2\/pages\/37\/revisions"}],"up":[{"embeddable":true,"href":"https:\/\/coordenadorias.uepb.edu.br\/inovatec\/wp-json\/wp\/v2\/pages\/35"}],"wp:attachment":[{"href":"https:\/\/coordenadorias.uepb.edu.br\/inovatec\/wp-json\/wp\/v2\/media?parent=37"}],"curies":[{"name":"wp","href":"https:\/\/api.w.org\/{rel}","templated":true}]}}