{"id":31,"date":"2016-08-04T07:57:04","date_gmt":"2016-08-04T10:57:04","guid":{"rendered":"http:\/\/nucleos.uepb.edu.br\/inovatec\/?page_id=31"},"modified":"2016-08-04T07:57:04","modified_gmt":"2016-08-04T10:57:04","slug":"prospeccao-tecnologica","status":"publish","type":"page","link":"https:\/\/coordenadorias.uepb.edu.br\/inovatec\/prospeccao-tecnologica\/","title":{"rendered":"Busca e Prospec\u00e7\u00e3o Tecnol\u00f3gica"},"content":{"rendered":"<p>A INOVATEC faz a Busca e Prospec\u00e7\u00e3o Tecnol\u00f3gica de produtos cient\u00edficos e tecnol\u00f3gicos, utilizando as principais bases de informa\u00e7\u00f5es cient\u00edficas e tecnol\u00f3gicas mundiais, para levar aos pesquisadores da UEPB o cen\u00e1rio do conhecimento e desenvolvimento cient\u00edfico- tecnol\u00f3gico em que atua. Estes cen\u00e1rios s\u00e3o estrat\u00e9gicos e de grande relev\u00e2ncia, uma vez que permite sinalizar o que poder\u00e1 ser um \u00eaxito no desenvolvimento da inova\u00e7\u00e3o.<\/p>\n<p>Para a realiza\u00e7\u00e3o da Busca e Prospec\u00e7\u00e3o Tecnol\u00f3gica entrar em contato com a INOVATEC.<\/p>\n","protected":false},"excerpt":{"rendered":"<p>A INOVATEC faz a Busca e Prospec\u00e7\u00e3o Tecnol\u00f3gica de produtos cient\u00edficos e tecnol\u00f3gicos, utilizando as principais bases de informa\u00e7\u00f5es cient\u00edficas e tecnol\u00f3gicas mundiais, para levar aos pesquisadores da UEPB o cen\u00e1rio do conhecimento e desenvolvimento cient\u00edfico- tecnol\u00f3gico em que atua. Estes cen\u00e1rios s\u00e3o estrat\u00e9gicos e de grande relev\u00e2ncia, uma vez que permite sinalizar o que <a class=\"leiamais\" href=\"https:\/\/coordenadorias.uepb.edu.br\/inovatec\/prospeccao-tecnologica\/\">Leia Mais&#8230;<\/a><\/p>\n","protected":false},"author":2,"featured_media":0,"parent":0,"menu_order":0,"comment_status":"closed","ping_status":"closed","template":"","meta":{"footnotes":""},"class_list":["post-31","page","type-page","status-publish","hentry"],"_links":{"self":[{"href":"https:\/\/coordenadorias.uepb.edu.br\/inovatec\/wp-json\/wp\/v2\/pages\/31","targetHints":{"allow":["GET"]}}],"collection":[{"href":"https:\/\/coordenadorias.uepb.edu.br\/inovatec\/wp-json\/wp\/v2\/pages"}],"about":[{"href":"https:\/\/coordenadorias.uepb.edu.br\/inovatec\/wp-json\/wp\/v2\/types\/page"}],"author":[{"embeddable":true,"href":"https:\/\/coordenadorias.uepb.edu.br\/inovatec\/wp-json\/wp\/v2\/users\/2"}],"replies":[{"embeddable":true,"href":"https:\/\/coordenadorias.uepb.edu.br\/inovatec\/wp-json\/wp\/v2\/comments?post=31"}],"version-history":[{"count":0,"href":"https:\/\/coordenadorias.uepb.edu.br\/inovatec\/wp-json\/wp\/v2\/pages\/31\/revisions"}],"wp:attachment":[{"href":"https:\/\/coordenadorias.uepb.edu.br\/inovatec\/wp-json\/wp\/v2\/media?parent=31"}],"curies":[{"name":"wp","href":"https:\/\/api.w.org\/{rel}","templated":true}]}}