{"id":30,"date":"2017-02-22T10:33:11","date_gmt":"2017-02-22T13:33:11","guid":{"rendered":"https:\/\/coordenadorias.uepb.edu.br\/cori\/?page_id=30"},"modified":"2023-07-26T09:07:47","modified_gmt":"2023-07-26T12:07:47","slug":"resultados-2","status":"publish","type":"page","link":"https:\/\/coordenadorias.uepb.edu.br\/cori\/resultados-2\/","title":{"rendered":"Editais Anteriores"},"content":{"rendered":"<p><strong><a href=\"https:\/\/coordenadorias.uepb.edu.br\/cori\/wp-content\/uploads\/sites\/5\/2023\/03\/CoRI-Chamada-Santander-Graduacao-2023-Santander-Universidades.pdf\">CoRI &#8211; Chamada Santander Graduac\u0327a\u0303o 2023 &#8211; Santander Universidades<\/a><\/strong><\/p>\n<p><strong><a href=\"https:\/\/coordenadorias.uepb.edu.br\/cori\/wp-content\/uploads\/sites\/5\/2023\/03\/NucLi-UEPB-Processo-Seletivo-2023-.pdf\">NucLi UEPB &#8211; Processo Seletivo 2023<\/a><\/strong><\/p>\n<p><strong><a href=\"https:\/\/coordenadorias.uepb.edu.br\/cori\/wp-content\/uploads\/sites\/5\/2022\/03\/NucLi-UEPB-Processo-Seletivo-2022.pdf\">NucLi UEPB &#8211; Processo Seletivo 2022<\/a><\/strong><\/p>\n<p><strong><a href=\"https:\/\/coordenadorias.uepb.edu.br\/cori\/wp-content\/uploads\/sites\/5\/2022\/02\/Chamada-Santander-Graduacao-2022.pdf\">Chamada Santander Gradua\u00e7\u00e3o 2022<\/a><\/strong><\/p>\n<p><a href=\"https:\/\/coordenadorias.uepb.edu.br\/cori\/wp-content\/uploads\/sites\/5\/2021\/10\/RETIFICAC\u0327A\u0303O-2-Chamada-Publica-METODOLOGIAS-ATIVAS-SANTANDER-UNIVERSIDADES.pdf\">RETIFICAC\u0327A\u0303O 2 &#8211; Chamada Publica &#8211; METODOLOGIAS ATIVAS &#8211; SANTANDER UNIVERSIDADES<\/a><\/p>\n<p><a href=\"https:\/\/coordenadorias.uepb.edu.br\/cori\/wp-content\/uploads\/sites\/5\/2021\/10\/RETIFICAC\u0327A\u0303O-Chamada-Publica-METODOLOGIAS-ATIVAS-SANTANDER-UNIVERSIDADES.pdf\">RETIFICAC\u0327A\u0303O &#8211; Chamada Interna &#8211; Santander Universidades Metodologias Ativas<\/a><\/p>\n<p><a href=\"https:\/\/coordenadorias.uepb.edu.br\/cori\/wp-content\/uploads\/sites\/5\/2021\/10\/Chamada-Publica-METODOLOGIAS-ATIVAS-SANTANDER-UNIVERSIDADES.pdf\">Chamada Interna &#8211; Santander Universidades Metodologias Ativas<\/a><\/p>\n<p><strong><a href=\"https:\/\/coordenadorias.uepb.edu.br\/cori\/wp-content\/uploads\/sites\/5\/2021\/03\/Chamada-Santander-Graduac\u0327a\u0303o-2021.pdf\">Chamada Santander Graduac\u0327a\u0303o 2021<\/a><\/strong><\/p>\n<p><strong><a href=\"https:\/\/coordenadorias.uepb.edu.br\/cori\/wp-content\/uploads\/sites\/5\/2021\/04\/NucLi-UEPB-Processo-Seletivo-2021.pdf\">NucLi UEPB &#8211; Processo Seletivo 2021<\/a><\/strong><\/p>\n<p><a href=\"https:\/\/coordenadorias.uepb.edu.br\/cori\/wp-content\/uploads\/sites\/5\/2020\/12\/Chamada-Pu\u0301blica-Acessibilidade-Digital-Santander-Universidades-1.pdf\">Chamada Pu\u0301blica Acessibilidade Digital &#8211; Santander Universidades<\/a><\/p>\n<p><a href=\"https:\/\/coordenadorias.uepb.edu.br\/cori\/wp-content\/uploads\/sites\/5\/2020\/04\/RETIFICADO-Chamada-Publica-Docente-Top-Espanha-2020.pdf\">RETIFICADO &#8211; Chamada Publica Docente &#8211; Top Espanha 2020<\/a><\/p>\n<p><a href=\"https:\/\/coordenadorias.uepb.edu.br\/cori\/wp-content\/uploads\/sites\/5\/2020\/04\/RETIFICADO-Chamada-Publica-Discente-Top-Espanha-2020.pdf\">RETIFICADO &#8211; Chamada Publica Discente &#8211; Top Espanha 2020<\/a><\/p>\n<p><a href=\"https:\/\/coordenadorias.uepb.edu.br\/cori\/wp-content\/uploads\/sites\/5\/2020\/03\/Chamada-Publica-Docente-Top-Espanha-2020.pdf\">Chamada Publica Docente &#8211; Top Espanha 2020<\/a><\/p>\n<p><a href=\"https:\/\/coordenadorias.uepb.edu.br\/cori\/wp-content\/uploads\/sites\/5\/2020\/02\/Chamada-Santander-Gradua%C3%A7%C3%A3o-2020.pdf\">Chamada Santander Gradua\u00e7\u00e3o 2020<\/a><\/p>\n<p><a href=\"https:\/\/coordenadorias.uepb.edu.br\/cori\/wp-content\/uploads\/sites\/5\/2020\/02\/Chamada-Publica-Discente-Top-Espanha-2020.pdf\">Chamada Publica Discente \u2013 Top Espanha 2020<\/a><\/p>\n<p><a href=\"https:\/\/coordenadorias.uepb.edu.br\/cori\/wp-content\/uploads\/sites\/5\/2020\/06\/Chamada-Pu%CC%81blica-Ibero-Americanas-Graduac%CC%A7a%CC%83o-2020.pdf\">Chamada Pu\u0301blica Ibero-Americanas Graduac\u0327a\u0303o \u2013 2020<\/a><\/p>\n<p><a href=\"https:\/\/coordenadorias.uepb.edu.br\/cori\/wp-content\/uploads\/sites\/5\/2020\/06\/Chamada-Pu%CC%81blica-Ibero-Americanas-Po%CC%81s-Graduac%CC%A7a%CC%83o-2020.pdf\">Chamada Pu\u0301blica Ibero-Americanas Po\u0301s-Graduac\u0327a\u0303o \u2013 2020<\/a><\/p>\n<p><span style=\"color: #000000\"><span style=\"font-family: Arial, sans-serif\"><span style=\"font-size: medium\"><a href=\"https:\/\/coordenadorias.uepb.edu.br\/cori\/wp-content\/uploads\/sites\/5\/2019\/11\/Processo-Seletivo-Ingl\u00eas-Nucli-UEPB.pdf\">Processo Seletivo Ingl\u00eas &#8211; Nucli UEPB<\/a><\/span><\/span><\/span><\/p>\n<p><a href=\"https:\/\/coordenadorias.uepb.edu.br\/cori\/wp-content\/uploads\/sites\/5\/2019\/05\/Chamada-P\u00fablica-Ibero-Americanas-2019.pdf\">Chamada P\u00fablica Ibero-Americanas 2019<\/a><\/p>\n<p><a href=\"https:\/\/coordenadorias.uepb.edu.br\/cori\/wp-content\/uploads\/sites\/5\/2019\/03\/Promin-2019-Chamada-P\u00fablica.pdf\">Promin 2019 &#8211; Chamada P\u00fablica<\/a><\/p>\n<p><a href=\"https:\/\/coordenadorias.uepb.edu.br\/cori\/wp-content\/uploads\/sites\/5\/2019\/04\/Processo-Seletivo-Espanhol-Nucli-UEPB-1\u00aa-Retifica\u00e7\u00e3o.pdf\">Processo Seletivo Espanhol &#8211; Nucli UEPB &#8211; 1\u00aa-Retifica\u00e7\u00e3o.pdf<\/a><\/p>\n<p><a href=\"https:\/\/coordenadorias.uepb.edu.br\/cori\/wp-content\/uploads\/sites\/5\/2019\/04\/Processo-Seletivo-Espanhol-Nucli-UEPB.pdf\">Processo-Seletivo-Espanhol-Nucli-UEPB<\/a><\/p>\n<p><a href=\"https:\/\/coordenadorias.uepb.edu.br\/cori\/wp-content\/uploads\/sites\/5\/2019\/01\/Chamada-Publica-Discente-Top-Espanha-2019.pdf\">Chamada Publica Discente &#8211; Top Espanha 2019<\/a><\/p>\n<p><a href=\"https:\/\/coordenadorias.uepb.edu.br\/cori\/wp-content\/uploads\/sites\/5\/2019\/03\/Chamada-Publica-Docente-Top-Espanha-2019-RETIFICADA.pdf\">Chamada Publica Docente &#8211; Top Espanha 2019 &#8211; RETIFICADA<\/a><\/p>\n<p><a href=\"https:\/\/coordenadorias.uepb.edu.br\/cori\/wp-content\/uploads\/sites\/5\/2019\/02\/Chamada-Publica-Docente-Top-Espanha-2019.pdf\">Chamada Publica Docente &#8211; Top Espanha\u00a0 2019<\/a><\/p>\n<p align=\"justify\"><span style=\"color: #444444\"><span style=\"font-family: 'Times New Roman', serif\"><span style=\"font-size: medium\"><a href=\"https:\/\/coordenadorias.uepb.edu.br\/cori\/wp-content\/uploads\/sites\/5\/2018\/04\/Errata-Chamada-P\u00fablica-Ibero-2018-1.pdf\">Errata &#8211; Chamada P\u00fablica Ibero 2018<\/a><\/span><\/span><\/span><\/p>\n<p align=\"justify\"><a href=\"https:\/\/coordenadorias.uepb.edu.br\/cori\/wp-content\/uploads\/sites\/5\/2018\/03\/Retifica\u00e7\u00e3o-da-Chamada-P\u00fablica-Santander-Mundi-2018-gradua\u00e7\u00e3o.pdf\">Retifica\u00e7\u00e3o da Chamada P\u00fablica Santander Mundi &#8211; 2018 &#8211; gradua\u00e7\u00e3o<\/a><\/p>\n<p align=\"justify\"><a href=\"https:\/\/coordenadorias.uepb.edu.br\/cori\/wp-content\/uploads\/sites\/5\/2018\/03\/Retifica\u00e7\u00e3o-da-Chamada-P\u00fablica-Santander-Mundi-2018-P\u00f3s-gradua\u00e7\u00e3o.pdf\">Retifica\u00e7\u00e3o da Chamada P\u00fablica Santander Mundi &#8211; 2018 &#8211; P\u00f3s-gradua\u00e7\u00e3o<\/a><\/p>\n<p><a href=\"https:\/\/coordenadorias.uepb.edu.br\/cori\/wp-content\/uploads\/sites\/5\/2018\/03\/Chamada-Publica-Docente-Top-Espanha-2018.pdf\">Chamada P\u00fablica &#8211; Docente Top Espanha &#8211; 2018<\/a><\/p>\n<p><span style=\"color: #444444\"><span style=\"font-family: 'Open Sans', sans-serif\"><span style=\"font-size: small\"><a href=\"https:\/\/coordenadorias.uepb.edu.br\/cori\/wp-content\/uploads\/sites\/5\/2018\/03\/Chamada-Publica-discente-Top-Espanha-2018-1.pdf\">Chamada P\u00fablica DISCENTE -TOP ESPANHA 2018<\/a><\/span><\/span><\/span><\/p>\n<p><a href=\"https:\/\/coordenadorias.uepb.edu.br\/cori\/wp-content\/uploads\/sites\/5\/2018\/02\/Promin-2018-Chamada-P\u00fablica-1.pdf\">Chamada P\u00fablica &#8211; PROMIN\/2018.<\/a><\/p>\n<p><a href=\"https:\/\/coordenadorias.uepb.edu.br\/cori\/wp-content\/uploads\/sites\/5\/2018\/03\/ESPANHOL-Edital_de_Selecao_de_Bolsistas-2018.pdf\">SELE\u00c7\u00c3O DE PROFESSORES BOLSISTAS &#8211; ESPANHOL<\/a>.<\/p>\n<p><a href=\"https:\/\/coordenadorias.uepb.edu.br\/cori\/wp-content\/uploads\/sites\/5\/2017\/09\/CHAMADA-INTERNA-DELE-2017.2-A2.pdf\">CURSO PREPARAT\u00d3RIO DE ESPANHOL &#8211; EQUIVALENTE AO DELE N\u00cdVEL A2<\/a><\/p>\n<p>NUCLI-UEPB 2017 &#8211; Edital de sele\u00e7\u00e3o para professor bolsista:<strong><br \/>\n<\/strong><a href=\"https:\/\/coordenadorias.uepb.edu.br\/cori\/wp-content\/uploads\/sites\/5\/2017\/08\/PROCESSO-SELETIVO-PROFESSOR-NUCLI-UEPB.pdf\">Edital de sele\u00e7\u00e3o do NUCLI-UEPB<\/a><\/p>\n<p><a href=\"https:\/\/coordenadorias.uepb.edu.br\/cori\/wp-content\/uploads\/sites\/5\/2017\/09\/CHAMADA-INTERNA-DELE-2017.2-A2.pdf\">CURSO PREPARAT\u00d3RIO DE ESPANHOL &#8211; EQUIVALENTE AO DELE N\u00cdVEL A2<\/a><\/p>\n<p>F\u00f3rmula 2017 &#8211; Edital de sele\u00e7\u00e3o para discente de gradua\u00e7\u00e3o:<br \/>\n<a href=\"https:\/\/coordenadorias.uepb.edu.br\/cori\/wp-content\/uploads\/sites\/5\/2017\/06\/Chamada-P\u00fablica-F\u00f3rmula-2017.pdf\">F\u00f3rmula &#8211; 2017 &#8211; Gradua\u00e7\u00e3o<\/a><\/p>\n<p>F\u00f3rmula 2017 &#8211; Edital de sele\u00e7\u00e3o para discente de p\u00f3s-gradua\u00e7\u00e3o:<br \/>\n<a href=\"https:\/\/coordenadorias.uepb.edu.br\/cori\/wp-content\/uploads\/sites\/5\/2017\/06\/Chamada-P\u00fablica-F\u00f3rmula-2017-P\u00f3s-gradua\u00e7\u00e3o-corrigido.pdf\">F\u00f3rmula &#8211; 2017 &#8211; P\u00f3s-gradua\u00e7\u00e3o<\/a><\/p>\n<p>Ibero 2017 &#8211; Edital de sele\u00e7\u00e3o para discente:<br \/>\n<a href=\"https:\/\/coordenadorias.uepb.edu.br\/cori\/wp-content\/uploads\/sites\/5\/2017\/04\/Chamada-Publica-Ibero-2017.pdf\">Chamada P\u00fablica Ibero 2017<\/a><\/p>\n<p>Top Espanha 2016 &#8211; Edital de sele\u00e7\u00e3o para discente:\u00a0\u00a0<a href=\"https:\/\/coordenadorias.uepb.edu.br\/cori\/wp-content\/uploads\/sites\/5\/2017\/02\/Bolsa-Top-Espanha-Santander-Universidades-2016-Letras-Espanhol-Chamada-Interna.pdf\">Bolsa-Top-Espanha-Santander-Universidades-2016-Letras-Espanhol-Chamada-Interna<\/a><\/p>\n<p>Top Espanha 2016 &#8211; Edital de sele\u00e7\u00e3o para docente:\u00a0\u00a0<a href=\"https:\/\/coordenadorias.uepb.edu.br\/cori\/wp-content\/uploads\/sites\/5\/2017\/02\/Chamada-Publica-docente-Top-Espanha-2016-Letras.pdf\">Chamada-Publica-docente-Top-Espanha-2016-Letras<\/a><\/p>\n<p>Ibero-Americano 2016 &#8211; Edital de sele\u00e7\u00e3o:\u00a0 \u00a0<a href=\"https:\/\/coordenadorias.uepb.edu.br\/cori\/wp-content\/uploads\/sites\/5\/2017\/02\/Chamada-Publica-Ibero-Americano-2016-1.pdf\">Chamada-Publica-Ibero-Americano-2016 (1)<\/a><\/p>\n<p>Luso 2016 &#8211; Edital de sele\u00e7\u00e3o:\u00a0<a href=\"https:\/\/coordenadorias.uepb.edu.br\/cori\/wp-content\/uploads\/sites\/5\/2017\/02\/Chamada-Publica-Luso-2016-RET-1.pdf\">Chamada-Publica-Luso-2016-RET (1)<\/a><\/p>\n<p>PMN 2016.2 &#8211; Edital de sele\u00e7\u00e3o:\u00a0<a href=\"https:\/\/coordenadorias.uepb.edu.br\/cori\/wp-content\/uploads\/sites\/5\/2017\/02\/CoRI-Edital-2016-2-Mobilidade-Acad\u00eamica-UEPB-ABRUEM-1.pdf\">CoRI-Edital-2016-2-Mobilidade-Acad\u00eamica-UEPB-ABRUEM (1)<\/a><\/p>\n<p>Curso preparat\u00f3rio para o TOEFL 2016.1 &#8211; Edital de sele\u00e7\u00e3o:\u00a0<a href=\"https:\/\/coordenadorias.uepb.edu.br\/cori\/wp-content\/uploads\/sites\/5\/2017\/02\/TOEFL-2016.1-CHAMADA-INTERNA.pdf\">TOEFL-2016.1-CHAMADA-INTERNA<\/a><\/p>\n<p>Curso preparat\u00f3rio para o TOEFL 2016.2 &#8211; Edital de sele\u00e7\u00e3o:\u00a0<a href=\"https:\/\/coordenadorias.uepb.edu.br\/cori\/wp-content\/uploads\/sites\/5\/2017\/02\/TOEFL-2016.2-CHAMADA-INTERNA.pdf\">TOEFL-2016.2-CHAMADA-INTERNA<\/a><\/p>\n<p>Curso preparat\u00f3rio para o DELE 2016.1 &#8211; Edital de sele\u00e7\u00e3o:\u00a0<a href=\"https:\/\/coordenadorias.uepb.edu.br\/cori\/wp-content\/uploads\/sites\/5\/2017\/02\/CHAMADA-INTERNA-DELE-2016.1.pdf\">CHAMADA-INTERNA-DELE-2016.1<\/a><\/p>\n<p>Doutorado UNINT 2016 &#8211; Edital de sele\u00e7\u00e3o para docente:\u00a0<a href=\"https:\/\/coordenadorias.uepb.edu.br\/cori\/wp-content\/uploads\/sites\/5\/2017\/02\/Doutorado-de-Pesquisa-Transdisciplinar-CHAMADA-INTERNA-1.pdf\">Doutorado de Pesquisa Transdisciplinar &#8211; CHAMADA INTERNA (1)<\/a><\/p>\n<p>NUCLI-UEPB 2017 &#8211; Edital de sele\u00e7\u00e3o para professor bolsista:<strong><br \/>\n<\/strong><a href=\"https:\/\/coordenadorias.uepb.edu.br\/cori\/wp-content\/uploads\/sites\/5\/2017\/08\/PROCESSO-SELETIVO-PROFESSOR-NUCLI-UEPB.pdf\">Edital de sele\u00e7\u00e3o do NUCLI-UEPB<\/a><\/p>\n<p>F\u00f3rmula 2017 &#8211; Edital de sele\u00e7\u00e3o para discente de gradua\u00e7\u00e3o:<br \/>\n<a href=\"https:\/\/coordenadorias.uepb.edu.br\/cori\/wp-content\/uploads\/sites\/5\/2017\/06\/Chamada-P\u00fablica-F\u00f3rmula-2017.pdf\">F\u00f3rmula &#8211; 2017 &#8211; Gradua\u00e7\u00e3o<\/a><\/p>\n<p>F\u00f3rmula 2017 &#8211; Edital de sele\u00e7\u00e3o para discente de p\u00f3s-gradua\u00e7\u00e3o:<br \/>\n<a href=\"https:\/\/coordenadorias.uepb.edu.br\/cori\/wp-content\/uploads\/sites\/5\/2017\/06\/Chamada-P\u00fablica-F\u00f3rmula-2017-P\u00f3s-gradua\u00e7\u00e3o-corrigido.pdf\">F\u00f3rmula &#8211; 2017 &#8211; P\u00f3s-gradua\u00e7\u00e3o<\/a><\/p>\n<p>Ibero 2017 &#8211; Edital de sele\u00e7\u00e3o para discente:<br \/>\n<a href=\"https:\/\/coordenadorias.uepb.edu.br\/cori\/wp-content\/uploads\/sites\/5\/2017\/04\/Chamada-Publica-Ibero-2017.pdf\">Chamada P\u00fablica Ibero 2017<\/a><\/p>\n<p>Top Espanha 2016 &#8211; Edital de sele\u00e7\u00e3o para discente:\u00a0\u00a0<a href=\"https:\/\/coordenadorias.uepb.edu.br\/cori\/wp-content\/uploads\/sites\/5\/2017\/02\/Bolsa-Top-Espanha-Santander-Universidades-2016-Letras-Espanhol-Chamada-Interna.pdf\">Bolsa-Top-Espanha-Santander-Universidades-2016-Letras-Espanhol-Chamada-Interna<\/a><\/p>\n<p>Top Espanha 2016 &#8211; Edital de sele\u00e7\u00e3o para docente:\u00a0\u00a0<a href=\"https:\/\/coordenadorias.uepb.edu.br\/cori\/wp-content\/uploads\/sites\/5\/2017\/02\/Chamada-Publica-docente-Top-Espanha-2016-Letras.pdf\">Chamada-Publica-docente-Top-Espanha-2016-Letras<\/a><\/p>\n<p>Ibero-Americano 2016 &#8211; Edital de sele\u00e7\u00e3o:\u00a0 \u00a0<a href=\"https:\/\/coordenadorias.uepb.edu.br\/cori\/wp-content\/uploads\/sites\/5\/2017\/02\/Chamada-Publica-Ibero-Americano-2016-1.pdf\">Chamada-Publica-Ibero-Americano-2016 (1)<\/a><\/p>\n<p>Luso 2016 &#8211; Edital de sele\u00e7\u00e3o:\u00a0<a href=\"https:\/\/coordenadorias.uepb.edu.br\/cori\/wp-content\/uploads\/sites\/5\/2017\/02\/Chamada-Publica-Luso-2016-RET-1.pdf\">Chamada-Publica-Luso-2016-RET (1)<\/a><\/p>\n<p>PMN 2016.2 &#8211; Edital de sele\u00e7\u00e3o:\u00a0<a href=\"https:\/\/coordenadorias.uepb.edu.br\/cori\/wp-content\/uploads\/sites\/5\/2017\/02\/CoRI-Edital-2016-2-Mobilidade-Acad\u00eamica-UEPB-ABRUEM-1.pdf\">CoRI-Edital-2016-2-Mobilidade-Acad\u00eamica-UEPB-ABRUEM (1)<\/a><\/p>\n<p>Curso preparat\u00f3rio para o TOEFL 2016.1 &#8211; Edital de sele\u00e7\u00e3o:\u00a0<a href=\"https:\/\/coordenadorias.uepb.edu.br\/cori\/wp-content\/uploads\/sites\/5\/2017\/02\/TOEFL-2016.1-CHAMADA-INTERNA.pdf\">TOEFL-2016.1-CHAMADA-INTERNA<\/a><\/p>\n<p>Curso preparat\u00f3rio para o TOEFL 2016.2 &#8211; Edital de sele\u00e7\u00e3o:\u00a0<a href=\"https:\/\/coordenadorias.uepb.edu.br\/cori\/wp-content\/uploads\/sites\/5\/2017\/02\/TOEFL-2016.2-CHAMADA-INTERNA.pdf\">TOEFL-2016.2-CHAMADA-INTERNA<\/a><\/p>\n<p>Curso preparat\u00f3rio para o DELE 2016.1 &#8211; Edital de sele\u00e7\u00e3o:\u00a0<a href=\"https:\/\/coordenadorias.uepb.edu.br\/cori\/wp-content\/uploads\/sites\/5\/2017\/02\/CHAMADA-INTERNA-DELE-2016.1.pdf\">CHAMADA-INTERNA-DELE-2016.1<\/a><\/p>\n<p>Doutorado UNINT 2016 &#8211; Edital de sele\u00e7\u00e3o para docente:\u00a0<a href=\"https:\/\/coordenadorias.uepb.edu.br\/cori\/wp-content\/uploads\/sites\/5\/2017\/02\/Doutorado-de-Pesquisa-Transdisciplinar-CHAMADA-INTERNA-1.pdf\">Doutorado de Pesquisa Transdisciplinar &#8211; CHAMADA INTERNA (1)<\/a><\/p>\n","protected":false},"excerpt":{"rendered":"<p>CoRI &#8211; Chamada Santander Graduac\u0327a\u0303o 2023 &#8211; Santander Universidades NucLi UEPB &#8211; Processo Seletivo 2023 NucLi UEPB &#8211; Processo Seletivo 2022 Chamada Santander Gradua\u00e7\u00e3o 2022 RETIFICAC\u0327A\u0303O 2 &#8211; Chamada Publica &#8211; METODOLOGIAS ATIVAS &#8211; SANTANDER UNIVERSIDADES RETIFICAC\u0327A\u0303O &#8211; Chamada Interna &#8211; Santander Universidades Metodologias Ativas Chamada Interna &#8211; Santander Universidades Metodologias Ativas Chamada Santander Graduac\u0327a\u0303o <a class=\"leiamais\" href=\"https:\/\/coordenadorias.uepb.edu.br\/cori\/resultados-2\/\">Leia Mais&#8230;<\/a><\/p>\n","protected":false},"author":2,"featured_media":0,"parent":0,"menu_order":0,"comment_status":"closed","ping_status":"closed","template":"","meta":{"footnotes":""},"class_list":["post-30","page","type-page","status-publish","hentry"],"_links":{"self":[{"href":"https:\/\/coordenadorias.uepb.edu.br\/cori\/wp-json\/wp\/v2\/pages\/30","targetHints":{"allow":["GET"]}}],"collection":[{"href":"https:\/\/coordenadorias.uepb.edu.br\/cori\/wp-json\/wp\/v2\/pages"}],"about":[{"href":"https:\/\/coordenadorias.uepb.edu.br\/cori\/wp-json\/wp\/v2\/types\/page"}],"author":[{"embeddable":true,"href":"https:\/\/coordenadorias.uepb.edu.br\/cori\/wp-json\/wp\/v2\/users\/2"}],"replies":[{"embeddable":true,"href":"https:\/\/coordenadorias.uepb.edu.br\/cori\/wp-json\/wp\/v2\/comments?post=30"}],"version-history":[{"count":28,"href":"https:\/\/coordenadorias.uepb.edu.br\/cori\/wp-json\/wp\/v2\/pages\/30\/revisions"}],"predecessor-version":[{"id":2973,"href":"https:\/\/coordenadorias.uepb.edu.br\/cori\/wp-json\/wp\/v2\/pages\/30\/revisions\/2973"}],"wp:attachment":[{"href":"https:\/\/coordenadorias.uepb.edu.br\/cori\/wp-json\/wp\/v2\/media?parent=30"}],"curies":[{"name":"wp","href":"https:\/\/api.w.org\/{rel}","templated":true}]}}