{"id":20,"date":"2017-02-22T10:13:08","date_gmt":"2017-02-22T13:13:08","guid":{"rendered":"https:\/\/coordenadorias.uepb.edu.br\/cori\/?page_id=20"},"modified":"2025-09-03T10:02:58","modified_gmt":"2025-09-03T13:02:58","slug":"acordos-de-cooperacao-academica-internacional","status":"publish","type":"page","link":"https:\/\/coordenadorias.uepb.edu.br\/cori\/acordos-de-cooperacao-academica-internacional\/","title":{"rendered":"ACORDOS DE COOPERA\u00c7\u00c3O ACAD\u00caMICA INTERNACIONAL"},"content":{"rendered":"<div class=\"wpb-content-wrapper\"><p>[vc_row][vc_column][vc_column_text]Os Acordos de Coopera\u00e7\u00e3o Acad\u00eamica tem por objetivo estabelecer rela\u00e7\u00f5es de parceria com Institui\u00e7\u00f5es de reconhecimento internacional, que se efetivam por meio de acordos bilaterais.<\/p>\n<p>Numa perspectiva vision\u00e1ria e almejando se consolidar como uma universidade com padr\u00f5es de excel\u00eancia, digna e social, a UEPB assume o compromisso de multiplicar esfor\u00e7os no sentido de estreitar la\u00e7os e promover a\u00e7\u00f5es conjuntas de ensino, pesquisa e extens\u00e3o de modo prof\u00edcuo com institui\u00e7\u00f5es estrangeiras, bem como de difundir a potencialidade paraibana e nordestina no cen\u00e1rio internacional, sobretudo, atrav\u00e9s da amplia\u00e7\u00e3o proativa de estudos rec\u00edprocos e da mobilidade de docentes, discentes, pesquisadores e t\u00e9cnicos.[\/vc_column_text][vc_text_separator title=&#8221;INSTITUI\u00c7\u00d5ES PARCEIRAS&#8221; title_align=&#8221;separator_align_left&#8221; css=&#8221;.vc_custom_1652379110721{margin-top: 30px !important;}&#8221;][vc_row_inner][vc_column_inner width=&#8221;1\/2&#8243;][vc_column_text css=&#8221;&#8221;]<strong>Alemanha<\/strong><\/p>\n<p>UNIVERSIDADE DE BIELEFELD<br \/>\nLink:\u00a0<a href=\"https:\/\/www.uni-bielefeld.de\/\">https:\/\/www.uni-bielefeld.de\/<\/a><\/p>\n<p><strong>Argentina<\/strong><\/p>\n<p>UNIVERSIDAD NACIONAL DEL COMAHUE<br \/>\nLink:\u00a0http:<a href=\"http:\/\/www.uncoma.edu.ar\/index.html\" target=\"_blank\" rel=\"noopener\">\/\/www.uncoma.edu.ar\/index.html<\/a><\/p>\n<p>UNIVERSIDAD NACIONAL DE VILLA MAR\u00cdA<br \/>\nLink:\u00a0<a href=\"http:\/\/www.unvm.edu.ar\/universidad\" target=\"_blank\" rel=\"noopener\">http:\/\/www.unvm.edu.ar\/universidad<\/a><\/p>\n<p>UNIVERSIDAD NACIONAL DE ROSARIO<br \/>\nLink: <a href=\"http:\/\/unr.edu.ar\/\" target=\"_blank\" rel=\"noopener noreferrer\">http:\/\/unr.edu.ar\/<\/a><\/p>\n<p>UNIVERSIDAD DEL SUR<br \/>\nLink: <a href=\"https:\/\/www.uns.edu.ar\/\" target=\"_blank\" rel=\"noopener noreferrer\">https:\/\/www.uns.edu.ar\/<\/a><\/p>\n<p>UNIVERSIDAD DEL SALVADOR<br \/>\nLink: <a href=\"https:\/\/www.usal.edu.ar\/\">https:\/\/www.usal.edu.ar\/<\/a><\/p>\n<p><strong>Cabo Verde<\/strong><\/p>\n<p>UNIVERSIDADE DE CABO VERDE<br \/>\nLink: <a href=\"http:\/\/www.unicv.edu.cv\/\" target=\"_blank\" rel=\"noopener noreferrer\">http:\/\/www.unicv.edu.cv\/<\/a><\/p>\n<p><strong>Camar\u00f5es<\/strong><\/p>\n<p>TECHNOLOGICAL INSTITUTE OF AGRICULTURE-BINGUELA (ITAB)<br \/>\nLink:<\/p>\n<p><strong>Chile<\/strong><\/p>\n<p>UNIVERSIDADE TECNOL\u00d3GICA METROPOLITANA DO ESTADO DO CHILE &#8211; UTEM<br \/>\nLink: <a href=\"https:\/\/www.utem.cl\/\" target=\"_blank\" rel=\"noopener noreferrer\">https:\/\/www.utem.cl\/<\/a><\/p>\n<p>UNIVERSIDADE AUSTRAL DO CHILE &#8211; UACh<br \/>\nLink: <a href=\"https:\/\/www.uach.cl\/\" target=\"_blank\" rel=\"noopener\">https:\/\/www.uach.cl\/<\/a><\/p>\n<p><strong>Col\u00f4mbia<br \/>\n<\/strong><\/p>\n<p>UNIVERSIDAD DE LA AMAZONIA<br \/>\nLink: <a href=\"http:\/\/www.uniamazonia.edu.co\/\" target=\"_blank\" rel=\"noopener noreferrer\"><u>http:\/\/www.uniamazonia.edu.co\/<\/u><\/a><\/p>\n<p>UNIVERSIDADE CAT\u00d3LICA DE MANIZALES<br \/>\nLink:<a href=\"http:\/\/www.ucm.edu.co\/\" target=\"_blank\" rel=\"noopener\">http:\/\/www.ucm.edu.co\/ <u><\/u><\/a><\/p>\n<p><strong>Cuba<\/strong><\/p>\n<p>UNIVERSIDADE DE CI\u00caNCIAS M\u00c9DICAS DE LA HABANA<br \/>\nLink:\u00a0<a href=\"http:\/\/instituciones.sld.cu\/ucmh\/\" target=\"_blank\" rel=\"noopener\">http:\/\/instituciones.sld.cu\/ucmh\/<\/a><\/p>\n<p>UNIVERSIDAD DE LA HABANA<br \/>\nLink: http:<a href=\"http:\/\/www.uh.cu\/\" target=\"_blank\" rel=\"noopener\">\/\/www.uh.cu\/<\/a><\/p>\n<p><strong>Espanha<\/strong><\/p>\n<p>UNIVERSIDAD DE GRANADA<br \/>\nLink:\u00a0<a href=\"http:\/\/www.ugr.es\" target=\"_blank\" rel=\"noopener noreferrer\">http:\/\/www.ugr.es<\/a><\/p>\n<p>UNIVERSIDAD DE SEVILLA<br \/>\nLink: <a href=\"https:\/\/www.us.es\/\" target=\"_blank\" rel=\"noopener\">https:\/\/www.us.es\/<\/a><\/p>\n<p>UNIVERSIDAD DE SALAMANCA<br \/>\nLink: <a href=\"http:\/\/www.usal.es\/\" target=\"_blank\" rel=\"noopener noreferrer\">http:\/\/www.usal.es\/<\/a><\/p>\n<p><strong>Estados Unidos<\/strong><\/p>\n<p>UNIVERSIDADE DA CALIF\u00d3RNIA EM SAN DIEGO<br \/>\nLink: <a href=\"https:\/\/ucsd.edu\/\" target=\"_blank\" rel=\"noopener\">https:\/\/ucsd.edu\/<\/a><\/p>\n<p>MILWAUKEE SCHOOL OF ENGINEERING<br \/>\nLink: <a href=\"https:\/\/www.msoe.edu\/\" target=\"_blank\" rel=\"noopener\">https:\/\/www.msoe.edu\/<\/a>[\/vc_column_text][\/vc_column_inner][vc_column_inner width=&#8221;1\/2&#8243;][vc_column_text css=&#8221;&#8221;]<strong>Fran\u00e7a<\/strong><\/p>\n<p>UNIVERSIT\u00c8 DE POITIERS<br \/>\nLink: <a href=\"http:\/\/www.univ-poitiers.fr\/\" target=\"_blank\" rel=\"noopener noreferrer\">http:\/\/www.univ-poitiers.fr\/<\/a><\/p>\n<p>UNIVERSIT\u00c9 PARIS&#8211;\u2010OUEST \u2013 NANTERRE LA D\u00c9FENSE<br \/>\nLink: <a href=\"https:\/\/www.parisnanterre.fr\/\" target=\"_blank\" rel=\"noopener noreferrer\">https:\/\/www.parisnanterre.fr\/<\/a><\/p>\n<p>UNIVERSIDADE DE NANTES<br \/>\nLink: <a href=\"https:\/\/english.univ-nantes.fr\/\">https:\/\/english.univ-nantes.fr\/<\/a><\/p>\n<p><strong>It\u00e1lia:<\/strong><\/p>\n<p>UNIVERSIT\u00c1 DEGLI STUDI INTERNAZIONALI DI ROMA \u2013 UNINT<br \/>\nLink: <a href=\"http:\/\/www.unint.eu\/it\/\" target=\"_blank\" rel=\"noopener\">http:\/\/www.unint.eu\/it\/<\/a><\/p>\n<p>UNIVERSIT\u00c1 DEL SALENTO<br \/>\nLink: <a href=\"https:\/\/www.unisalento.it\/\" target=\"_blank\" rel=\"noopener\">https:\/\/www.unisalento.it\/<\/a><\/p>\n<p>UNIVERSIDADE DE ROMA TRE<br \/>\nLink: <a href=\"https:\/\/www.uniroma3.it\/\">https:\/\/www.uniroma3.it\/<\/a><\/p>\n<p><strong>M\u00e9xico:<\/strong><\/p>\n<p>UNIVERSIDAD NACIONAL AUT\u00d3NOMA DE M\u00c9XICO<br \/>\nLink: <a href=\"https:\/\/www.unam.mx\/\" target=\"_blank\" rel=\"noopener\">https:\/\/www.unam.mx\/<\/a><\/p>\n<p>UNIVERSIDAD INTERCULTURAL IND\u00cdGENA DE MICHOAC\u00c1N<br \/>\nLink: <a href=\"https:\/\/uiim.edu.mx\/wpuiim2020\/\">https:\/\/uiim.edu.mx<\/a><\/p>\n<p><strong>Peru<\/strong><\/p>\n<p>PONTIFICIA UNIVERSIDAD CATOLICA DEL PERU<br \/>\nLink: <a href=\"http:\/\/www.pucp.edu.pe\/\" target=\"_blank\" rel=\"noopener\">http:\/\/www.pucp.edu.pe\/<\/a><\/p>\n<p>UNIVERSIDAD NACIONAL MAYOR DE SAN MARCOS<br \/>\nLink: <a href=\"http:\/\/www.unmsm.edu.pe\/\" target=\"_blank\" rel=\"noopener\">http:\/\/www.unmsm.edu.pe\/<\/a><\/p>\n<p><strong>Pol\u00f4nia<\/strong><\/p>\n<p>UNIVERSIDADE DE OPOLE<br \/>\nLink: <a href=\"http:\/\/www.uni.opole.pl\/en\" target=\"_blank\" rel=\"noopener\">http:\/\/www.uni.opole.pl\/en<\/a><\/p>\n<p><strong>Panam\u00e1<\/strong><\/p>\n<p>UNIVERSIDADE DO PANAM\u00c1<br \/>\nLink: <a href=\"https:\/\/www.up.ac.pa\/\">https:\/\/www.up.ac.pa\/<\/a><\/p>\n<p><strong>Portugal<\/strong><\/p>\n<p>UNIVERSIDADE DE COIMBRA<br \/>\nLink: <a href=\"http:\/\/www.uc.pt\/\" target=\"_blank\" rel=\"noopener\">http:\/\/www.uc.pt\/<\/a><\/p>\n<p>UNIVERSIDADE DE LISBOA<br \/>\nLink:\u00a0<a href=\"https:\/\/www.ulisboa.pt\/\" target=\"_blank\" rel=\"noopener\">https:\/\/www.ulisboa.pt\/<\/a><\/p>\n<p>INSTITUTO POLIT\u00c9CNICO DO PORTO<br \/>\n<a href=\"https:\/\/www.ipp.pt\/\" target=\"_blank\" rel=\"noopener\">https:\/\/www.ipp.pt\/\u00a0<\/a><\/p>\n<p>UNIVERSIDADE DO PORTO<br \/>\nLink: <a href=\"http:\/\/www.up.pt\/\" target=\"_blank\" rel=\"noopener\">http:\/\/www.up.pt\/<\/a><\/p>\n<p>UNIVERSIDADE DO ALGARVE<br \/>\nLink: <a href=\"https:\/\/www.ualg.pt\/pt\" target=\"_blank\" rel=\"noopener\">https:\/\/www.ualg.pt\/pt<br \/>\n<\/a><u><\/u><\/p>\n<p>UNIVERSIDADE DO PORTUCALENSE<br \/>\nLink:<a href=\"https:\/\/www.upt.pt\/\" target=\"_blank\" rel=\"noopener\"> https:\/\/www.upt.pt\/<\/a><\/p>\n<p>UNIVERSIDADE DO MINHO<br \/>\nLink: <a href=\"https:\/\/www.uminho.pt\/PT\">https:\/\/www.uminho.pt\/PT<\/a><\/p>\n<p>INSTITUTO T\u00c9CNICO DE LISBOA<br \/>\nLink: <a href=\"https:\/\/tecnico.ulisboa.pt\/pt\/\">https:\/\/tecnico.ulisboa.pt\/pt\/<\/a><\/p>\n<p><strong>Rom\u00eania<\/strong><\/p>\n<p>SCOALA NATIONALA DE STUDII POLITICE SI ADMINISTRATIVE<br \/>\nLink: <a href=\"http:\/\/www.snspa.ro\/\" target=\"_blank\" rel=\"noopener\">http:\/\/www.snspa.ro\/<\/a><\/p>\n<p><strong>Uruguai<\/strong><\/p>\n<p>SECRETARIA DO MERCOSUL<br \/>\nLink: https:\/\/www.mercosur.int\/pt-br\/[\/vc_column_text][\/vc_column_inner][\/vc_row_inner][\/vc_column][\/vc_row][vc_row][vc_column][vc_column_text]<\/p>\n<h3><strong>GRUPOS DE COOPERA\u00c7\u00c3O INTERNACIONAL<\/strong><\/h3>\n<p>Associa\u00e7\u00e3o das Universidades de L\u00edngua Portuguesa (AULP)<br \/>\nLink: <a href=\"https:\/\/aulp.org\/\">https:\/\/aulp.org\/<\/a><\/p>\n<p>Grupo de Coopera\u00e7\u00e3o Internacional de Universidades Brasileiras (<em>GCUB<\/em>)<br \/>\nLink: <a href=\"https:\/\/www.gcub.org.br\/\">https:\/\/www.gcub.org.br\/<\/a><\/p>\n<p>Associa\u00e7\u00e3o Brasileira de Educa\u00e7\u00e3o Internacional (FAUBAI)<br \/>\nLink: <a href=\"https:\/\/faubai.org.br\/\">https:\/\/faubai.org.br\/<\/a><\/p>\n<p>Grupo Tordesillas<br \/>\nLink: <a href=\"https:\/\/www.grupotordesillas.net\/pt\/\">https:\/\/www.grupotordesillas.net\/pt\/<\/a><\/p>\n<p>Ag\u00eancia Espanhola de Coopera\u00e7\u00e3o Internacional para o Desenvolvimento<br \/>\nLink: <a href=\"https:\/\/www.aecid.es\/EN\">https:\/\/www.aecid.es\/EN<\/a><\/p>\n<p><span style=\"font-weight: 400\">Ag\u00eancia Internacional de Consultoria e Mobilidade<\/span><br \/>\nLink: http:\/\/incoma-projects.eu\/<\/p>\n<p>[\/vc_column_text][\/vc_column][\/vc_row]<\/p>\n<\/div>","protected":false},"excerpt":{"rendered":"<p>[vc_row][vc_column][vc_column_text]Os Acordos de Coopera\u00e7\u00e3o Acad\u00eamica tem por objetivo estabelecer rela\u00e7\u00f5es de parceria com Institui\u00e7\u00f5es de reconhecimento internacional, que se efetivam por meio de acordos bilaterais. Numa perspectiva vision\u00e1ria e almejando se consolidar como uma universidade com padr\u00f5es de excel\u00eancia, digna e social, a UEPB assume o compromisso de multiplicar esfor\u00e7os no sentido de estreitar la\u00e7os <a class=\"leiamais\" href=\"https:\/\/coordenadorias.uepb.edu.br\/cori\/acordos-de-cooperacao-academica-internacional\/\">Leia Mais&#8230;<\/a><\/p>\n","protected":false},"author":2,"featured_media":0,"parent":0,"menu_order":0,"comment_status":"closed","ping_status":"closed","template":"","meta":{"footnotes":""},"class_list":["post-20","page","type-page","status-publish","hentry"],"_links":{"self":[{"href":"https:\/\/coordenadorias.uepb.edu.br\/cori\/wp-json\/wp\/v2\/pages\/20","targetHints":{"allow":["GET"]}}],"collection":[{"href":"https:\/\/coordenadorias.uepb.edu.br\/cori\/wp-json\/wp\/v2\/pages"}],"about":[{"href":"https:\/\/coordenadorias.uepb.edu.br\/cori\/wp-json\/wp\/v2\/types\/page"}],"author":[{"embeddable":true,"href":"https:\/\/coordenadorias.uepb.edu.br\/cori\/wp-json\/wp\/v2\/users\/2"}],"replies":[{"embeddable":true,"href":"https:\/\/coordenadorias.uepb.edu.br\/cori\/wp-json\/wp\/v2\/comments?post=20"}],"version-history":[{"count":41,"href":"https:\/\/coordenadorias.uepb.edu.br\/cori\/wp-json\/wp\/v2\/pages\/20\/revisions"}],"predecessor-version":[{"id":96,"href":"https:\/\/coordenadorias.uepb.edu.br\/cori\/wp-json\/wp\/v2\/pages\/20\/revisions\/96"}],"wp:attachment":[{"href":"https:\/\/coordenadorias.uepb.edu.br\/cori\/wp-json\/wp\/v2\/media?parent=20"}],"curies":[{"name":"wp","href":"https:\/\/api.w.org\/{rel}","templated":true}]}}