{"id":51,"date":"2019-07-30T11:44:52","date_gmt":"2019-07-30T14:44:52","guid":{"rendered":"http:\/\/sites.uepb.edu.br\/coel\/?page_id=51"},"modified":"2022-05-04T08:21:54","modified_gmt":"2022-05-04T11:21:54","slug":"apresentacao","status":"publish","type":"page","link":"https:\/\/coordenadorias.uepb.edu.br\/coel\/apresentacao\/","title":{"rendered":"Sobre"},"content":{"rendered":"<div class=\"wpb-content-wrapper\"><p>[vc_row gap=&#8221;30&#8243; equal_height=&#8221;yes&#8221;][vc_column width=&#8221;2\/3&#8243; el_class=&#8221;conf-azul&#8221;][vc_text_separator title=&#8221;COEL&#8221; i_icon_fontawesome=&#8221;fas fa-running&#8221; i_color=&#8221;custom&#8221; title_align=&#8221;separator_align_left&#8221; add_icon=&#8221;true&#8221; i_custom_color=&#8221;#2d95bf&#8221;][vc_column_text]Ofertamos uma Pol\u00edtica de Esporte e Lazer na UEPB para o corpo discente, docente e t\u00e9cnico administrativo, assim como a comunidade em geral, atrav\u00e9s da estrutura\u00e7\u00e3o de metas (de curto, m\u00e9dio e longo prazo), princ\u00edpios e a\u00e7\u00f5es estrat\u00e9gicas com vistas a estabelecer prioridades em todo o planejamento e execu\u00e7\u00e3o; promovendo o atendimento qualificado ao esporte e ao lazer no \u00e2mbito da Institui\u00e7\u00e3o, estimulando e possibilitando a realiza\u00e7\u00e3o de eventos esportivos e de lazer em todos os Campi da Universidade.<\/p>\n<p>A Coordenadoria de Esporte e Lazer oportuniza pr\u00e1ticas de atividades esportivas e de lazer, em conjunto com a Pr\u00f3-Reitoria Estudantil e a Pr\u00f3-Reitoria de Extens\u00e3o, para a comunidade acad\u00eamica e geral,\u00a0 sendo respons\u00e1vel pela idealiza\u00e7\u00e3o, planejamento, organiza\u00e7\u00e3o, realiza\u00e7\u00e3o e suporte nos diversos eventos esportivos, visando a informa\u00e7\u00e3o pr\u00e1tica da manuten\u00e7\u00e3o e promo\u00e7\u00e3o da sa\u00fade, atrav\u00e9s da efetiva participa\u00e7\u00e3o em a\u00e7\u00f5es que proporcionam momentos de lazer e bem estar.[\/vc_column_text][\/vc_column][vc_column width=&#8221;1\/3&#8243; el_class=&#8221;conf-azul&#8221;][vc_text_separator title=&#8221;Equipe&#8221; i_icon_fontawesome=&#8221;fas fa-users&#8221; i_color=&#8221;custom&#8221; title_align=&#8221;separator_align_left&#8221; add_icon=&#8221;true&#8221; i_custom_color=&#8221;#2d95bf&#8221;][vc_column_text]<b>Pr\u00f3-Reitora Estudantil<\/b><br \/>\nProfa. N\u00fabia do Nascimento Martins<\/p>\n<p><b>Coordenador de Esporte e Lazer<\/b><br \/>\nProf. Jos\u00e9 Eug\u00eanio Eloi Moura<\/p>\n<p><b>Assistente T\u00e9cnico Administrativo<\/b><br \/>\nProfa. Roseane Barros da Silva[\/vc_column_text][\/vc_column][\/vc_row]<\/p>\n<\/div>","protected":false},"excerpt":{"rendered":"<p>[vc_row gap=&#8221;30&#8243; equal_height=&#8221;yes&#8221;][vc_column width=&#8221;2\/3&#8243; el_class=&#8221;conf-azul&#8221;][vc_text_separator title=&#8221;COEL&#8221; i_icon_fontawesome=&#8221;fas fa-running&#8221; i_color=&#8221;custom&#8221; title_align=&#8221;separator_align_left&#8221; add_icon=&#8221;true&#8221; i_custom_color=&#8221;#2d95bf&#8221;][vc_column_text]Ofertamos uma Pol\u00edtica de Esporte e Lazer na UEPB para o corpo discente, docente e t\u00e9cnico administrativo, assim como a comunidade em geral, atrav\u00e9s da estrutura\u00e7\u00e3o de metas (de curto, m\u00e9dio e longo prazo), princ\u00edpios e a\u00e7\u00f5es estrat\u00e9gicas com vistas a estabelecer prioridades em <a class=\"leiamais\" href=\"https:\/\/coordenadorias.uepb.edu.br\/coel\/apresentacao\/\">Leia Mais&#8230;<\/a><\/p>\n","protected":false},"author":1,"featured_media":0,"parent":0,"menu_order":10,"comment_status":"open","ping_status":"open","template":"","meta":{"jetpack_post_was_ever_published":false,"footnotes":""},"class_list":["post-51","page","type-page","status-publish","hentry"],"jetpack_sharing_enabled":true,"jetpack_shortlink":"https:\/\/wp.me\/P7wERl-P","jetpack-related-posts":[{"id":507,"url":"https:\/\/coordenadorias.uepb.edu.br\/coel\/corrida-2019\/","url_meta":{"origin":51,"position":0},"title":"4\u00aa CORRIDA UEPB","author":"martinho","date":"14 de mar\u00e7o de 2016","format":false,"excerpt":"[vc_row gap=\"30\" equal_height=\"yes\"][vc_column width=\"1\/2\" el_class=\"conf-azul\"][vc_text_separator title=\"DIA MUNDIAL SEM CARRO - 22 DE SETEMBRO DE 2019\" title_align=\"separator_align_left\"][vc_column_text] Regulamento Geral_CORRIDA UEPB_2019 Inscri\u00e7\u00f5es- Alunos \/ Professores \/ T\u00e9cnicos Administrativos Inscri\u00e7\u00f5es - Comunidade Geral FOTOS RESULTADOS Coordena\u00e7\u00e3o: Prof. Jos\u00e9 Eug\u00eanio Eloi Moura (Coordena\u00e7\u00e3o Geral -\u00a0 Coord. de Esporte e Lazer) Prof. N\u00fabia do Nascimento\u2026","rel":"","context":"Post similar","block_context":{"text":"Post similar","link":""},"img":{"alt_text":"","src":"https:\/\/i0.wp.com\/coordenadorias.uepb.edu.br\/coel\/wp-content\/uploads\/sites\/2\/2019\/08\/CAMISA-E-MEDALHA-CORRIDA-UEPB-2019-1024x735.jpg?resize=350%2C200&ssl=1","width":350,"height":200},"classes":[]},{"id":55,"url":"https:\/\/coordenadorias.uepb.edu.br\/coel\/equipe\/","url_meta":{"origin":51,"position":1},"title":"Equipe","author":"martinho","date":"13 de fevereiro de 2014","format":false,"excerpt":"Pr\u00f3-Reitora Estudantil - Prof\u00aa. N\u00fabia do Nascimento Martins Pr\u00f3-Reitor Estudantil Adjunto - Assistente Social Andr\u00e9 Barbosa Carneiro Coordenador de Esporte e Lazer - Prof. Jos\u00e9 Eug\u00eanio Eloi Moura Equipe de apoio CAMPUS I - Prof\u00aa. Roseane Barros da Silva \/ Prof. Giovani Montinni Bas\u00edlio da Silva CAMPUS IV - CATOL\u00c9\u2026","rel":"","context":"Post similar","block_context":{"text":"Post similar","link":""},"img":{"alt_text":"","src":"","width":0,"height":0},"classes":[]},{"id":2030,"url":"https:\/\/coordenadorias.uepb.edu.br\/coel\/solicitacao-de-material-esportivo\/","url_meta":{"origin":51,"position":2},"title":"SOLICITA\u00c7\u00d5ES","author":"coeluepb","date":"12 de junho de 2019","format":false,"excerpt":"PROCEDIMENTO PARA SOLICITA\u00c7\u00c3O DE MATERIAL ESPORTIVO Para protocolar a Solicita\u00e7\u00e3o de material esportivo na Coordenadoria de Esporte e lazer da UEPB \u00e9 necess\u00e1rio: - Preencher corretamente, assinar e enviar a solicita\u00e7\u00e3o por oficio, para o e-mail: coeluepb.17@ghotmail.com\u00a0e\/ou pessoalmente no endere\u00e7o:\u00a0Rua Bara\u00fanas, 351 \u2013 Bairro Universit\u00e1rio, Campina Grande-PB \/ Setor: Pr\u00f3-Reitoria\u2026","rel":"","context":"Post similar","block_context":{"text":"Post similar","link":""},"img":{"alt_text":"","src":"https:\/\/i0.wp.com\/coordenadorias.uepb.edu.br\/coel\/wp-content\/uploads\/sites\/2\/2020\/02\/MODELOS-DE-MEDALHAS-1024x576.jpg?resize=350%2C200&ssl=1","width":350,"height":200,"srcset":"https:\/\/i0.wp.com\/coordenadorias.uepb.edu.br\/coel\/wp-content\/uploads\/sites\/2\/2020\/02\/MODELOS-DE-MEDALHAS-1024x576.jpg?resize=350%2C200&ssl=1 1x, https:\/\/i0.wp.com\/coordenadorias.uepb.edu.br\/coel\/wp-content\/uploads\/sites\/2\/2020\/02\/MODELOS-DE-MEDALHAS-1024x576.jpg?resize=525%2C300&ssl=1 1.5x, https:\/\/i0.wp.com\/coordenadorias.uepb.edu.br\/coel\/wp-content\/uploads\/sites\/2\/2020\/02\/MODELOS-DE-MEDALHAS-1024x576.jpg?resize=700%2C400&ssl=1 2x"},"classes":[]},{"id":79,"url":"https:\/\/coordenadorias.uepb.edu.br\/coel\/projetos\/","url_meta":{"origin":51,"position":3},"title":"Projetos","author":"martinho","date":"7 de mar\u00e7o de 2014","format":false,"excerpt":"[vc_row gap=\"30\" equal_height=\"yes\" el_class=\"conf-azul\"][vc_column width=\"1\/3\"][vc_text_separator title=\"Esporte e Lazer para Todos\" title_align=\"separator_align_left\" css=\"\"][vc_single_image image=\"2823\" alignment=\"center\"][vc_column_text]Projeto de extens\u00e3o que incentiva a pr\u00e1tica de atividades esportivas e de lazer no tempo livre de discentes, servidores da UEPB e comunidade em geral, atrav\u00e9s de diversas modalidades, tais quais: Jud\u00f4, Kendo, Jiu-Jitsu, Boxe funcional, Muay\u2026","rel":"","context":"Post similar","block_context":{"text":"Post similar","link":""},"img":{"alt_text":"","src":"","width":0,"height":0},"classes":[]},{"id":2857,"url":"https:\/\/coordenadorias.uepb.edu.br\/coel\/jubs-2026\/","url_meta":{"origin":51,"position":4},"title":"JUBs 2026","author":"coeluepb","date":"3 de maio de 2022","format":false,"excerpt":"[vc_row][vc_column el_class=\"conf-azul\" css=\".vc_custom_1651579261317{padding-bottom: 50px !important;}\"][vc_text_separator title=\"Jogos Universit\u00e1rios Brasileiros\" i_icon_fontawesome=\"fas fa-volleyball-ball\" i_color=\"custom\" title_align=\"separator_align_left\" add_icon=\"true\" i_custom_color=\"#2d95bf\"][vc_column_text css=\"\"]INFORMA\u00c7\u00d5ES SOBRE OS JOGOS UNIVERSIT\u00c1RIOS PARAIBANO E BRASILEIRO Calend\u00e1rio FPDA 2026 UEPB - JUPs Praia: Lista de inscritos e resultado - UEPB - JUPs Praia 2026 Lista dos selecionados UEPB - JUPs eSports: Link das inscri\u00e7\u00f5es\u2026","rel":"","context":"Post similar","block_context":{"text":"Post similar","link":""},"img":{"alt_text":"","src":"","width":0,"height":0},"classes":[]},{"id":1989,"url":"https:\/\/coordenadorias.uepb.edu.br\/coel\/judocas-da-uepb-conquistam-medalhas-de-ouro-em-competicao-regional-e-garantem-vaga-no-jubs-2019\/","url_meta":{"origin":51,"position":5},"title":"Judocas da UEPB conquistam medalhas de ouro em competi\u00e7\u00e3o regional e garantem vaga no JUBs 2019","author":"coeluepb","date":"16 de maio de 2019","format":false,"excerpt":"Compartilhe isso: Clique para compartilhar no Facebook(abre em nova janela) Clique para compartilhar no WhatsApp(abre em nova janela) Clique para compartilhar no Twitter(abre em nova janela) Clique para compartilhar no Pinterest(abre em nova janela) Clique para compartilhar no Tumblr(abre em nova janela) Clique para compartilhar no Reddit(abre em nova janela)\u2026","rel":"","context":"Post similar","block_context":{"text":"Post similar","link":""},"img":{"alt_text":"","src":"","width":0,"height":0},"classes":[]}],"_links":{"self":[{"href":"https:\/\/coordenadorias.uepb.edu.br\/coel\/wp-json\/wp\/v2\/pages\/51","targetHints":{"allow":["GET"]}}],"collection":[{"href":"https:\/\/coordenadorias.uepb.edu.br\/coel\/wp-json\/wp\/v2\/pages"}],"about":[{"href":"https:\/\/coordenadorias.uepb.edu.br\/coel\/wp-json\/wp\/v2\/types\/page"}],"author":[{"embeddable":true,"href":"https:\/\/coordenadorias.uepb.edu.br\/coel\/wp-json\/wp\/v2\/users\/1"}],"replies":[{"embeddable":true,"href":"https:\/\/coordenadorias.uepb.edu.br\/coel\/wp-json\/wp\/v2\/comments?post=51"}],"version-history":[{"count":12,"href":"https:\/\/coordenadorias.uepb.edu.br\/coel\/wp-json\/wp\/v2\/pages\/51\/revisions"}],"predecessor-version":[{"id":2983,"href":"https:\/\/coordenadorias.uepb.edu.br\/coel\/wp-json\/wp\/v2\/pages\/51\/revisions\/2983"}],"wp:attachment":[{"href":"https:\/\/coordenadorias.uepb.edu.br\/coel\/wp-json\/wp\/v2\/media?parent=51"}],"curies":[{"name":"wp","href":"https:\/\/api.w.org\/{rel}","templated":true}]}}

<div class="wpb-content-wrapper"><p>[vc_row gap=&#8221;30&#8243; equal_height=&#8221;yes&#8221;][vc_column width=&#8221;2/3&#8243; el_class=&#8221;conf-azul&#8221;][vc_text_separator title=&#8221;COEL&#8221; i_icon_fontawesome=&#8221;fas fa-running&#8221; i_color=&#8221;custom&#8221; title_align=&#8221;separator_align_left&#8221; add_icon=&#8221;true&#8221; i_custom_color=&#8221;#2d95bf&#8221;][vc_column_text]Ofertamos uma Política de Esporte e Lazer na UEPB para o corpo discente, docente e técnico administrativo, assim como a comunidade em geral, através da estruturação de metas (de curto, médio e longo prazo), princípios e ações estratégicas com vistas a estabelecer prioridades em todo o planejamento e execução; promovendo o atendimento qualificado ao esporte e ao lazer no âmbito da Instituição, estimulando e possibilitando a realização de eventos esportivos e de lazer em todos os Campi da Universidade.</p>
<p>A Coordenadoria de Esporte e Lazer oportuniza práticas de atividades esportivas e de lazer, em conjunto com a Pró-Reitoria Estudantil e a Pró-Reitoria de Extensão, para a comunidade acadêmica e geral,  sendo responsável pela idealização, planejamento, organização, realização e suporte nos diversos eventos esportivos, visando a informação prática da manutenção e promoção da saúde, através da efetiva participação em ações que proporcionam momentos de lazer e bem estar.[/vc_column_text][/vc_column][vc_column width=&#8221;1/3&#8243; el_class=&#8221;conf-azul&#8221;][vc_text_separator title=&#8221;Equipe&#8221; i_icon_fontawesome=&#8221;fas fa-users&#8221; i_color=&#8221;custom&#8221; title_align=&#8221;separator_align_left&#8221; add_icon=&#8221;true&#8221; i_custom_color=&#8221;#2d95bf&#8221;][vc_column_text]<b>Pró-Reitora Estudantil</b><br />
Profa. Núbia do Nascimento Martins</p>
<p><b>Coordenador de Esporte e Lazer</b><br />
Prof. José Eugênio Eloi Moura</p>
<p><b>Assistente Técnico Administrativo</b><br />
Profa. Roseane Barros da Silva[/vc_column_text][/vc_column][/vc_row]</p>
</div>

<p>[vc_row gap=&#8221;30&#8243; equal_height=&#8221;yes&#8221;][vc_column width=&#8221;2/3&#8243; el_class=&#8221;conf-azul&#8221;][vc_text_separator title=&#8221;COEL&#8221; i_icon_fontawesome=&#8221;fas fa-running&#8221; i_color=&#8221;custom&#8221; title_align=&#8221;separator_align_left&#8221; add_icon=&#8221;true&#8221; i_custom_color=&#8221;#2d95bf&#8221;][vc_column_text]Ofertamos uma Política de Esporte e Lazer na UEPB para o corpo discente, docente e técnico administrativo, assim como a comunidade em geral, através da estruturação de metas (de curto, médio e longo prazo), princípios e ações estratégicas com vistas a estabelecer prioridades em <a class="leiamais" href="https://coordenadorias.uepb.edu.br/coel/apresentacao/">Leia Mais&#8230;</a></p>

4ª CORRIDA UEPB

14 de março de 2016

[vc_row gap="30" equal_height="yes"][vc_column width="1/2" el_class="conf-azul"][vc_text_separator title="DIA MUNDIAL SEM CARRO - 22 DE SETEMBRO DE 2019" title_align="separator_align_left"][vc_column_text] Regulamento Geral_CORRIDA UEPB_2019 Inscrições- Alunos / Professores / Técnicos Administrativos Inscrições - Comunidade Geral FOTOS RESULTADOS Coordenação: Prof. José Eugênio Eloi Moura (Coordenação Geral -  Coord. de Esporte e Lazer) Prof. Núbia do Nascimento…

Pró-Reitora Estudantil - Profª. Núbia do Nascimento Martins Pró-Reitor Estudantil Adjunto - Assistente Social André Barbosa Carneiro Coordenador de Esporte e Lazer - Prof. José Eugênio Eloi Moura Equipe de apoio CAMPUS I - Profª. Roseane Barros da Silva / Prof. Giovani Montinni Basílio da Silva CAMPUS IV - CATOLÉ…

SOLICITAÇÕES

PROCEDIMENTO PARA SOLICITAÇÃO DE MATERIAL ESPORTIVO Para protocolar a Solicitação de material esportivo na Coordenadoria de Esporte e lazer da UEPB é necessário: - Preencher corretamente, assinar e enviar a solicitação por oficio, para o e-mail: coeluepb.17@ghotmail.com e/ou pessoalmente no endereço: Rua Baraúnas, 351 – Bairro Universitário, Campina Grande-PB / Setor: Pró-Reitoria…

7 de março de 2014

[vc_row gap="30" equal_height="yes" el_class="conf-azul"][vc_column width="1/3"][vc_text_separator title="Esporte e Lazer para Todos" title_align="separator_align_left" css=""][vc_single_image image="2823" alignment="center"][vc_column_text]Projeto de extensão que incentiva a prática de atividades esportivas e de lazer no tempo livre de discentes, servidores da UEPB e comunidade em geral, através de diversas modalidades, tais quais: Judô, Kendo, Jiu-Jitsu, Boxe funcional, Muay…

[vc_row][vc_column el_class="conf-azul" css=".vc_custom_1651579261317{padding-bottom: 50px !important;}"][vc_text_separator title="Jogos Universitários Brasileiros" i_icon_fontawesome="fas fa-volleyball-ball" i_color="custom" title_align="separator_align_left" add_icon="true" i_custom_color="#2d95bf"][vc_column_text css=""]INFORMAÇÕES SOBRE OS JOGOS UNIVERSITÁRIOS PARAIBANO E BRASILEIRO Calendário FPDA 2026 UEPB - JUPs Praia: Lista de inscritos e resultado - UEPB - JUPs Praia 2026 Lista dos selecionados UEPB - JUPs eSports: Link das inscrições…

Judocas da UEPB conquistam medalhas de ouro em competição regional e garantem vaga no JUBs 2019
