{"id":3433,"date":"2026-02-09T10:40:23","date_gmt":"2026-02-09T13:40:23","guid":{"rendered":"https:\/\/coordenadorias.uepb.edu.br\/coel\/?page_id=3433"},"modified":"2026-03-17T14:41:48","modified_gmt":"2026-03-17T17:41:48","slug":"complexo-esportivo-def-uepb","status":"publish","type":"page","link":"https:\/\/coordenadorias.uepb.edu.br\/coel\/complexo-esportivo-def-uepb\/","title":{"rendered":"COMPLEXO ESPORTIVO DEF\/UEPB"},"content":{"rendered":"<div class=\"wpb-content-wrapper\"><p>[vc_row][vc_column][vc_separator css=&#8221;&#8221;][vc_column_text css=&#8221;&#8221;]<\/p>\n<h3 style=\"text-align: center\"><em><strong>COMO SOLICITAR USO DOS ESPA\u00c7OS DEF\/UEPB<\/strong><\/em><\/h3>\n<h3 style=\"text-align: left\"><strong>DOCUMETA\u00c7\u00c3O GERAL<\/strong><\/h3>\n<ul>\n<li><a href=\"https:\/\/drive.google.com\/file\/d\/1F27JdeehUWl6uEhTCcfqhquZf2Sxvg5w\/view?usp=drive_link\" target=\"_blank\" rel=\"noopener\">Regimento &#8211; Pista de atletismo DEF\/UEPB<\/a><\/li>\n<li><a href=\"https:\/\/drive.google.com\/file\/d\/1eM3BP9sp2I-FUd0HVOBzJs-j1DWqocTG\/view?usp=drive_link\" target=\"_blank\" rel=\"noopener\">Termo de uso das Instala\u00e7\u00f5es do DEF\/UEPB<\/a><\/li>\n<li><a href=\"https:\/\/drive.google.com\/file\/d\/1-WfJPK9urjG4ECJ5BHMl-MYZl_nEgKQ7\/view?usp=drive_link\" target=\"_blank\" rel=\"noopener\">Termo de Autoriza\u00e7\u00e3o Provis\u00f3ria de uso de Espa\u00e7o P\u00fablico<\/a><\/li>\n<li><a href=\"https:\/\/drive.google.com\/file\/d\/1a9gs4zyCRCslceeN0RH8mHQb3JW--HUC\/view?usp=drive_link\" target=\"_blank\" rel=\"noopener\">Portaria valores referentes \u00e0 utiliza\u00e7\u00e3o de espa\u00e7os de uso transit\u00f3rio com \u201cAutoriza\u00e7\u00e3o de uso\u201d e \u201cPermiss\u00e3o de uso\u201d para comunidade externa \u00e0 UEPB<\/a><\/li>\n<\/ul>\n<p><strong>ATLETISMO:<br \/>\n<\/strong>\u00a0 \u00a0 \u00a0 \u00a0 \u00a0&#8211; <a href=\"https:\/\/forms.gle\/LNgaFsoTMkXgjkL16\" target=\"_blank\" rel=\"noopener\">Formul\u00e1rio de solicita\u00e7\u00e3o de uso das Instala\u00e7\u00f5es de Atletismo DEF\/UEPB<\/a><br \/>\n<strong>GIN\u00c1SIO \/ PISCINA \/ SALA DE MUSCULA\u00c7\u00c3O \/ SALA DE DAN\u00c7AS \/ CAMPO DE FUTEBOL II:<br \/>\n<\/strong>\u00a0 \u00a0 \u00a0 \u00a0 \u00a0&#8211; <a href=\"https:\/\/forms.gle\/MtoTBKSTQAaS8j896\" target=\"_blank\" rel=\"noopener\">Formul\u00e1rio de solicita\u00e7\u00e3o de uso dos espa\u00e7os &#8211; Gin\u00e1sio, Piscina, Sala de Muscula\u00e7\u00e3o, Sala de Dan\u00e7as \/ Campo de futebol II do DEF\/UEPB<\/a><\/p>\n<p><strong>CONTATO:<\/strong> complexoesportivodef@setor.uepb.edu.br[\/vc_column_text][\/vc_column][\/vc_row]<\/p>\n<\/div>","protected":false},"excerpt":{"rendered":"<p>[vc_row][vc_column][vc_separator css=&#8221;&#8221;][vc_column_text css=&#8221;&#8221;] COMO SOLICITAR USO DOS ESPA\u00c7OS DEF\/UEPB DOCUMETA\u00c7\u00c3O GERAL Regimento &#8211; Pista de atletismo DEF\/UEPB Termo de uso das Instala\u00e7\u00f5es do DEF\/UEPB Termo de Autoriza\u00e7\u00e3o Provis\u00f3ria de uso de Espa\u00e7o P\u00fablico Portaria valores referentes \u00e0 utiliza\u00e7\u00e3o de espa\u00e7os de uso transit\u00f3rio com \u201cAutoriza\u00e7\u00e3o de uso\u201d e \u201cPermiss\u00e3o de uso\u201d para comunidade externa \u00e0 <a class=\"leiamais\" href=\"https:\/\/coordenadorias.uepb.edu.br\/coel\/complexo-esportivo-def-uepb\/\">Leia Mais&#8230;<\/a><\/p>\n","protected":false},"author":12,"featured_media":0,"parent":0,"menu_order":0,"comment_status":"closed","ping_status":"closed","template":"","meta":{"jetpack_post_was_ever_published":false,"footnotes":""},"class_list":["post-3433","page","type-page","status-publish","hentry"],"jetpack_sharing_enabled":true,"jetpack_shortlink":"https:\/\/wp.me\/P7wERl-Tn","jetpack-related-posts":[{"id":1719,"url":"https:\/\/coordenadorias.uepb.edu.br\/coel\/atividades_de_extensao_coeluepb\/","url_meta":{"origin":3433,"position":0},"title":"Atividades Extens\u00e3o 2024 &#8211; UEPB CAMPUS I","author":"coeluepb","date":"24 de setembro de 2018","format":false,"excerpt":"[vc_row][vc_column][vc_text_separator title=\"Projeto ESPORTE E LAZER PARA TODOS | @esporteelazeruepb\" i_icon_fontawesome=\"fas fa-running\" i_color=\"custom\" title_align=\"separator_align_left\" align=\"align_left\" add_icon=\"true\" i_custom_color=\"#2d95bf\"][\/vc_column][\/vc_row][vc_row gap=\"30\" equal_height=\"yes\"][vc_column width=\"1\/3\" el_class=\"conf-azul\"][vc_text_separator title=\"MUSCULA\u00c7\u00c3O\" title_align=\"separator_align_left\"][vc_column_text] Dias: Segunda a quinta-feira Local: sala de muscula\u00e7\u00e3o do DEF\/UEPB HOR\u00c1RIO - 12h \u00e0s 13h Extensionista: Allenbert N\u00f3brega\/Diego Augusto HOR\u00c1RIO: 17h \u00e0s 18h Extensionistas: [\/vc_column_text][\/vc_column][vc_column width=\"1\/3\"][vc_text_separator title=\"DAN\u00c7A E\u2026","rel":"","context":"Post similar","block_context":{"text":"Post similar","link":""},"img":{"alt_text":"","src":"","width":0,"height":0},"classes":[]},{"id":1923,"url":"https:\/\/coordenadorias.uepb.edu.br\/coel\/regulamento-liga-uepb-de-futsal-2019\/","url_meta":{"origin":3433,"position":1},"title":"Regulamento &#8211; Liga UEPB de Futsal 2019","author":"coeluepb","date":"26 de abril de 2019","format":false,"excerpt":"Regulamento - LF UEPB 2019","rel":"","context":"Post similar","block_context":{"text":"Post similar","link":""},"img":{"alt_text":"","src":"","width":0,"height":0},"classes":[]},{"id":1930,"url":"https:\/\/coordenadorias.uepb.edu.br\/coel\/trofeu-liga-uepb-de-futsal-2019-video\/","url_meta":{"origin":3433,"position":2},"title":"Trof\u00e9u LIGA FUTSAL UEPB 2019 &#8211; V\u00cdDEO","author":"coeluepb","date":"26 de abril de 2019","format":false,"excerpt":"TROF\u00c9U - Liga Futsal UEPB 2019 - V\u00cdDEO","rel":"","context":"Post similar","block_context":{"text":"Post similar","link":""},"img":{"alt_text":"","src":"","width":0,"height":0},"classes":[]},{"id":1333,"url":"https:\/\/coordenadorias.uepb.edu.br\/coel\/fotos-jogos-uepb-2017\/","url_meta":{"origin":3433,"position":3},"title":"Fotos &#8211; JOGOS UEPB 2017","author":"coeluepb","date":"5 de outubro de 2017","format":false,"excerpt":"\u00a0 \u00a0","rel":"","context":"Post similar","block_context":{"text":"Post similar","link":""},"img":{"alt_text":"","src":"https:\/\/i0.wp.com\/coordenadorias.uepb.edu.br\/coel\/wp-content\/uploads\/sites\/2\/2017\/10\/Jogos-Universit%C3%A1rios-Etapa-Individual-4.jpg?resize=350%2C200","width":350,"height":200,"srcset":"https:\/\/i0.wp.com\/coordenadorias.uepb.edu.br\/coel\/wp-content\/uploads\/sites\/2\/2017\/10\/Jogos-Universit%C3%A1rios-Etapa-Individual-4.jpg?resize=350%2C200 1x, https:\/\/i0.wp.com\/coordenadorias.uepb.edu.br\/coel\/wp-content\/uploads\/sites\/2\/2017\/10\/Jogos-Universit%C3%A1rios-Etapa-Individual-4.jpg?resize=525%2C300 1.5x, https:\/\/i0.wp.com\/coordenadorias.uepb.edu.br\/coel\/wp-content\/uploads\/sites\/2\/2017\/10\/Jogos-Universit%C3%A1rios-Etapa-Individual-4.jpg?resize=700%2C400 2x"},"classes":[]},{"id":1406,"url":"https:\/\/coordenadorias.uepb.edu.br\/coel\/ii-corrida-uepb\/","url_meta":{"origin":3433,"position":4},"title":"Regulamento Geral &#8211; CORRIDA UEPB 2019","author":"coeluepb","date":"6 de mar\u00e7o de 2018","format":false,"excerpt":"Regulamento Geral_CORRIDA UEPB_2019 - Educando para viver bem \u00a0","rel":"","context":"Post similar","block_context":{"text":"Post similar","link":""},"img":{"alt_text":"","src":"https:\/\/i0.wp.com\/coordenadorias.uepb.edu.br\/coel\/wp-content\/uploads\/sites\/2\/2019\/07\/20190722_120643_0000-1024x1024.png?resize=350%2C200&ssl=1","width":350,"height":200,"srcset":"https:\/\/i0.wp.com\/coordenadorias.uepb.edu.br\/coel\/wp-content\/uploads\/sites\/2\/2019\/07\/20190722_120643_0000-1024x1024.png?resize=350%2C200&ssl=1 1x, https:\/\/i0.wp.com\/coordenadorias.uepb.edu.br\/coel\/wp-content\/uploads\/sites\/2\/2019\/07\/20190722_120643_0000-1024x1024.png?resize=525%2C300&ssl=1 1.5x, https:\/\/i0.wp.com\/coordenadorias.uepb.edu.br\/coel\/wp-content\/uploads\/sites\/2\/2019\/07\/20190722_120643_0000-1024x1024.png?resize=700%2C400&ssl=1 2x"},"classes":[]},{"id":1311,"url":"https:\/\/coordenadorias.uepb.edu.br\/coel\/jogos-uepb-2017\/","url_meta":{"origin":3433,"position":5},"title":"JOGOS UEPB 2020","author":"coeluepb","date":"26 de setembro de 2017","format":false,"excerpt":"Regulamento Ficha de inscri\u00e7\u00e3o NOVA DATA SER\u00c1 PUBLICADA EM BREVE \u00a0","rel":"","context":"Post similar","block_context":{"text":"Post similar","link":""},"img":{"alt_text":"","src":"https:\/\/i0.wp.com\/coordenadorias.uepb.edu.br\/coel\/wp-content\/uploads\/sites\/2\/2020\/02\/27657079_2035569583386947_9179551467929554060_n.jpg?resize=350%2C200&ssl=1","width":350,"height":200,"srcset":"https:\/\/i0.wp.com\/coordenadorias.uepb.edu.br\/coel\/wp-content\/uploads\/sites\/2\/2020\/02\/27657079_2035569583386947_9179551467929554060_n.jpg?resize=350%2C200&ssl=1 1x, https:\/\/i0.wp.com\/coordenadorias.uepb.edu.br\/coel\/wp-content\/uploads\/sites\/2\/2020\/02\/27657079_2035569583386947_9179551467929554060_n.jpg?resize=525%2C300&ssl=1 1.5x"},"classes":[]}],"_links":{"self":[{"href":"https:\/\/coordenadorias.uepb.edu.br\/coel\/wp-json\/wp\/v2\/pages\/3433","targetHints":{"allow":["GET"]}}],"collection":[{"href":"https:\/\/coordenadorias.uepb.edu.br\/coel\/wp-json\/wp\/v2\/pages"}],"about":[{"href":"https:\/\/coordenadorias.uepb.edu.br\/coel\/wp-json\/wp\/v2\/types\/page"}],"author":[{"embeddable":true,"href":"https:\/\/coordenadorias.uepb.edu.br\/coel\/wp-json\/wp\/v2\/users\/12"}],"replies":[{"embeddable":true,"href":"https:\/\/coordenadorias.uepb.edu.br\/coel\/wp-json\/wp\/v2\/comments?post=3433"}],"version-history":[{"count":29,"href":"https:\/\/coordenadorias.uepb.edu.br\/coel\/wp-json\/wp\/v2\/pages\/3433\/revisions"}],"predecessor-version":[{"id":3515,"href":"https:\/\/coordenadorias.uepb.edu.br\/coel\/wp-json\/wp\/v2\/pages\/3433\/revisions\/3515"}],"wp:attachment":[{"href":"https:\/\/coordenadorias.uepb.edu.br\/coel\/wp-json\/wp\/v2\/media?parent=3433"}],"curies":[{"name":"wp","href":"https:\/\/api.w.org\/{rel}","templated":true}]}}