{"id":2048,"date":"2019-07-02T07:19:18","date_gmt":"2019-07-02T10:19:18","guid":{"rendered":"https:\/\/coordenadorias.uepb.edu.br\/coel\/?page_id=2048"},"modified":"2022-05-03T12:16:48","modified_gmt":"2022-05-03T15:16:48","slug":"dando-asas-a-educacao","status":"publish","type":"page","link":"https:\/\/coordenadorias.uepb.edu.br\/coel\/dando-asas-a-educacao\/","title":{"rendered":"Projeto DANDO ASAS \u00c0 EDUCA\u00c7\u00c3O"},"content":{"rendered":"<div class=\"wpb-content-wrapper\"><p>[vc_row][vc_column][vc_text_separator title=&#8221;1\u00ba Campeonato de Avi\u00e3o de Papel&#8221; i_icon_fontawesome=&#8221;fas fa-location-arrow&#8221; i_color=&#8221;custom&#8221; title_align=&#8221;separator_align_left&#8221; add_icon=&#8221;true&#8221; i_custom_color=&#8221;#2d95bf&#8221;][\/vc_column][\/vc_row][vc_row gap=&#8221;30&#8243; equal_height=&#8221;yes&#8221;][vc_column width=&#8221;1\/2&#8243; el_class=&#8221;conf-azul&#8221;][vc_column_text]<\/p>\n<pre><strong>Data: <\/strong>23 de NOVEMBRO de 2019\r\n<strong>Local: <\/strong>Departamento de Educa\u00e7\u00e3o F\u00edsica - UEPB - \u00e0s 08hs<\/pre>\n<pre><a href=\"https:\/\/coordenadorias.uepb.edu.br\/coel\/wp-content\/uploads\/sites\/2\/2019\/08\/Projeto-Dando-Asas-a-Educa\u00e7\u00e3o.pdf\" target=\"_blank\" rel=\"noopener noreferrer\">Projeto-Dando-Asas-a-Educa\u00e7\u00e3o<\/a>\r\n<a href=\"https:\/\/coordenadorias.uepb.edu.br\/coel\/wp-content\/uploads\/sites\/2\/2019\/08\/Ficha-de-Inscri\u00e7\u00e3o-das-ESCOLAS.doc\">Ficha de Inscri\u00e7\u00e3o das ESCOLAS<\/a><\/pre>\n<p>[\/vc_column_text][\/vc_column][vc_column width=&#8221;1\/2&#8243;][vc_column_text]<\/p>\n<pre><\/pre>\n<p><img data-recalc-dims=\"1\" loading=\"lazy\" decoding=\"async\" data-attachment-id=\"2119\" data-permalink=\"https:\/\/coordenadorias.uepb.edu.br\/coel\/dando-asas-a-educacao\/campeonato-de-avioes-de-papel-2\/\" data-orig-file=\"https:\/\/i0.wp.com\/coordenadorias.uepb.edu.br\/coel\/wp-content\/uploads\/sites\/2\/2019\/08\/Campeonato-de-Avi%C3%B5es-de-Papel.png?fit=840%2C454&amp;ssl=1\" data-orig-size=\"840,454\" data-comments-opened=\"1\" data-image-meta=\"{&quot;aperture&quot;:&quot;0&quot;,&quot;credit&quot;:&quot;&quot;,&quot;camera&quot;:&quot;&quot;,&quot;caption&quot;:&quot;&quot;,&quot;created_timestamp&quot;:&quot;0&quot;,&quot;copyright&quot;:&quot;&quot;,&quot;focal_length&quot;:&quot;0&quot;,&quot;iso&quot;:&quot;0&quot;,&quot;shutter_speed&quot;:&quot;0&quot;,&quot;title&quot;:&quot;&quot;,&quot;orientation&quot;:&quot;0&quot;}\" data-image-title=\"Campeonato-de-Avi\u00f5es-de-Papel\" data-image-description=\"\" data-image-caption=\"\" data-medium-file=\"https:\/\/i0.wp.com\/coordenadorias.uepb.edu.br\/coel\/wp-content\/uploads\/sites\/2\/2019\/08\/Campeonato-de-Avi%C3%B5es-de-Papel.png?fit=300%2C162&amp;ssl=1\" data-large-file=\"https:\/\/i0.wp.com\/coordenadorias.uepb.edu.br\/coel\/wp-content\/uploads\/sites\/2\/2019\/08\/Campeonato-de-Avi%C3%B5es-de-Papel.png?fit=840%2C454&amp;ssl=1\" class=\"alignnone size-full wp-image-2119 img-responsive\" src=\"https:\/\/i0.wp.com\/coordenadorias.uepb.edu.br\/coel\/wp-content\/uploads\/sites\/2\/2019\/08\/Campeonato-de-Avi%C3%B5es-de-Papel.png?resize=840%2C454&#038;ssl=1\" alt=\"\" width=\"840\" height=\"454\" srcset=\"https:\/\/i0.wp.com\/coordenadorias.uepb.edu.br\/coel\/wp-content\/uploads\/sites\/2\/2019\/08\/Campeonato-de-Avi%C3%B5es-de-Papel.png?w=840&amp;ssl=1 840w, https:\/\/i0.wp.com\/coordenadorias.uepb.edu.br\/coel\/wp-content\/uploads\/sites\/2\/2019\/08\/Campeonato-de-Avi%C3%B5es-de-Papel.png?resize=300%2C162&amp;ssl=1 300w, https:\/\/i0.wp.com\/coordenadorias.uepb.edu.br\/coel\/wp-content\/uploads\/sites\/2\/2019\/08\/Campeonato-de-Avi%C3%B5es-de-Papel.png?resize=768%2C415&amp;ssl=1 768w, https:\/\/i0.wp.com\/coordenadorias.uepb.edu.br\/coel\/wp-content\/uploads\/sites\/2\/2019\/08\/Campeonato-de-Avi%C3%B5es-de-Papel.png?resize=370%2C200&amp;ssl=1 370w\" sizes=\"auto, (max-width: 840px) 100vw, 840px\" \/><\/p>\n<p>[\/vc_column_text][\/vc_column][\/vc_row]<\/p>\n<\/div>","protected":false},"excerpt":{"rendered":"<p>[vc_row][vc_column][vc_text_separator title=&#8221;1\u00ba Campeonato de Avi\u00e3o de Papel&#8221; i_icon_fontawesome=&#8221;fas fa-location-arrow&#8221; i_color=&#8221;custom&#8221; title_align=&#8221;separator_align_left&#8221; add_icon=&#8221;true&#8221; i_custom_color=&#8221;#2d95bf&#8221;][\/vc_column][\/vc_row][vc_row gap=&#8221;30&#8243; equal_height=&#8221;yes&#8221;][vc_column width=&#8221;1\/2&#8243; el_class=&#8221;conf-azul&#8221;][vc_column_text] Data: 23 de NOVEMBRO de 2019 Local: Departamento de Educa\u00e7\u00e3o F\u00edsica &#8211; UEPB &#8211; \u00e0s 08hs Projeto-Dando-Asas-a-Educa\u00e7\u00e3o Ficha de Inscri\u00e7\u00e3o das ESCOLAS [\/vc_column_text][\/vc_column][vc_column width=&#8221;1\/2&#8243;][vc_column_text] [\/vc_column_text][\/vc_column][\/vc_row]<\/p>\n","protected":false},"author":12,"featured_media":0,"parent":0,"menu_order":0,"comment_status":"closed","ping_status":"closed","template":"","meta":{"jetpack_post_was_ever_published":false,"footnotes":""},"class_list":["post-2048","page","type-page","status-publish","hentry"],"jetpack_sharing_enabled":true,"jetpack_shortlink":"https:\/\/wp.me\/P7wERl-x2","jetpack-related-posts":[{"id":79,"url":"https:\/\/coordenadorias.uepb.edu.br\/coel\/projetos\/","url_meta":{"origin":2048,"position":0},"title":"Projetos","author":"martinho","date":"7 de mar\u00e7o de 2014","format":false,"excerpt":"[vc_row gap=\"30\" equal_height=\"yes\" el_class=\"conf-azul\"][vc_column width=\"1\/3\"][vc_text_separator title=\"Esporte e Lazer para Todos\" title_align=\"separator_align_left\" css=\"\"][vc_single_image image=\"2823\" alignment=\"center\"][vc_column_text]Projeto de extens\u00e3o que incentiva a pr\u00e1tica de atividades esportivas e de lazer no tempo livre de discentes, servidores da UEPB e comunidade em geral, atrav\u00e9s de diversas modalidades, tais quais: Jud\u00f4, Kendo, Jiu-Jitsu, Boxe funcional, Muay\u2026","rel":"","context":"Post similar","block_context":{"text":"Post similar","link":""},"img":{"alt_text":"","src":"","width":0,"height":0},"classes":[]},{"id":139,"url":"https:\/\/coordenadorias.uepb.edu.br\/coel\/atividades\/","url_meta":{"origin":2048,"position":1},"title":"ATIVIDADES","author":"martinho","date":"7 de mar\u00e7o de 2014","format":false,"excerpt":"CAMPUS I - CAMPINA GRANDE\/PB Todas as atividades acontecem no Departamento de Educa\u00e7\u00e3o F\u00edsica da UEPB","rel":"","context":"Post similar","block_context":{"text":"Post similar","link":""},"img":{"alt_text":"","src":"https:\/\/i0.wp.com\/coordenadorias.uepb.edu.br\/coel\/wp-content\/uploads\/sites\/2\/2017\/02\/01-300x179.jpg?resize=350%2C200&ssl=1","width":350,"height":200},"classes":[]},{"id":2030,"url":"https:\/\/coordenadorias.uepb.edu.br\/coel\/solicitacao-de-material-esportivo\/","url_meta":{"origin":2048,"position":2},"title":"SOLICITA\u00c7\u00d5ES","author":"coeluepb","date":"12 de junho de 2019","format":false,"excerpt":"PROCEDIMENTO PARA SOLICITA\u00c7\u00c3O DE MATERIAL ESPORTIVO Para protocolar a Solicita\u00e7\u00e3o de material esportivo na Coordenadoria de Esporte e lazer da UEPB \u00e9 necess\u00e1rio: - Preencher corretamente, assinar e enviar a solicita\u00e7\u00e3o por oficio, para o e-mail: coeluepb.17@ghotmail.com\u00a0e\/ou pessoalmente no endere\u00e7o:\u00a0Rua Bara\u00fanas, 351 \u2013 Bairro Universit\u00e1rio, Campina Grande-PB \/ Setor: Pr\u00f3-Reitoria\u2026","rel":"","context":"Post similar","block_context":{"text":"Post similar","link":""},"img":{"alt_text":"","src":"https:\/\/i0.wp.com\/coordenadorias.uepb.edu.br\/coel\/wp-content\/uploads\/sites\/2\/2020\/02\/MODELOS-DE-MEDALHAS-1024x576.jpg?resize=350%2C200&ssl=1","width":350,"height":200,"srcset":"https:\/\/i0.wp.com\/coordenadorias.uepb.edu.br\/coel\/wp-content\/uploads\/sites\/2\/2020\/02\/MODELOS-DE-MEDALHAS-1024x576.jpg?resize=350%2C200&ssl=1 1x, https:\/\/i0.wp.com\/coordenadorias.uepb.edu.br\/coel\/wp-content\/uploads\/sites\/2\/2020\/02\/MODELOS-DE-MEDALHAS-1024x576.jpg?resize=525%2C300&ssl=1 1.5x, https:\/\/i0.wp.com\/coordenadorias.uepb.edu.br\/coel\/wp-content\/uploads\/sites\/2\/2020\/02\/MODELOS-DE-MEDALHAS-1024x576.jpg?resize=700%2C400&ssl=1 2x"},"classes":[]},{"id":1989,"url":"https:\/\/coordenadorias.uepb.edu.br\/coel\/judocas-da-uepb-conquistam-medalhas-de-ouro-em-competicao-regional-e-garantem-vaga-no-jubs-2019\/","url_meta":{"origin":2048,"position":3},"title":"Judocas da UEPB conquistam medalhas de ouro em competi\u00e7\u00e3o regional e garantem vaga no JUBs 2019","author":"coeluepb","date":"16 de maio de 2019","format":false,"excerpt":"Compartilhe isso: Clique para compartilhar no Facebook(abre em nova janela) Clique para compartilhar no WhatsApp(abre em nova janela) Clique para compartilhar no Twitter(abre em nova janela) Clique para compartilhar no Pinterest(abre em nova janela) Clique para compartilhar no Tumblr(abre em nova janela) Clique para compartilhar no Reddit(abre em nova janela)\u2026","rel":"","context":"Post similar","block_context":{"text":"Post similar","link":""},"img":{"alt_text":"","src":"","width":0,"height":0},"classes":[]}],"_links":{"self":[{"href":"https:\/\/coordenadorias.uepb.edu.br\/coel\/wp-json\/wp\/v2\/pages\/2048","targetHints":{"allow":["GET"]}}],"collection":[{"href":"https:\/\/coordenadorias.uepb.edu.br\/coel\/wp-json\/wp\/v2\/pages"}],"about":[{"href":"https:\/\/coordenadorias.uepb.edu.br\/coel\/wp-json\/wp\/v2\/types\/page"}],"author":[{"embeddable":true,"href":"https:\/\/coordenadorias.uepb.edu.br\/coel\/wp-json\/wp\/v2\/users\/12"}],"replies":[{"embeddable":true,"href":"https:\/\/coordenadorias.uepb.edu.br\/coel\/wp-json\/wp\/v2\/comments?post=2048"}],"version-history":[{"count":21,"href":"https:\/\/coordenadorias.uepb.edu.br\/coel\/wp-json\/wp\/v2\/pages\/2048\/revisions"}],"predecessor-version":[{"id":2922,"href":"https:\/\/coordenadorias.uepb.edu.br\/coel\/wp-json\/wp\/v2\/pages\/2048\/revisions\/2922"}],"wp:attachment":[{"href":"https:\/\/coordenadorias.uepb.edu.br\/coel\/wp-json\/wp\/v2\/media?parent=2048"}],"curies":[{"name":"wp","href":"https:\/\/api.w.org\/{rel}","templated":true}]}}