{"id":11,"date":"2016-07-22T08:52:55","date_gmt":"2016-07-22T11:52:55","guid":{"rendered":"https:\/\/coordenadorias.uepb.edu.br\/ciefam\/?page_id=11"},"modified":"2016-07-22T08:52:55","modified_gmt":"2016-07-22T11:52:55","slug":"sobre-a-uama","status":"publish","type":"page","link":"https:\/\/coordenadorias.uepb.edu.br\/ciefam\/sobre-a-uama\/","title":{"rendered":"Sobre a UAMA"},"content":{"rendered":"<p>A <strong>Universidade Aberta \u00e0 Maturidade &#8211; UAMA<\/strong> tem como meta atender a demanda educativa de idosos a partir dos 60 (sessenta) anos de idade, contribuindo na melhoria das capacidades: pessoais, funcionais e s\u00f3cio-culturais, por meio da forma\u00e7\u00e3o e aten\u00e7\u00e3o social, que visa criar e dinamizar regularmente atividades educacionais, sociais, culturais e de conv\u00edvio, favorecendo a melhoria na qualidade de vida. Tem como objetivo possibilitar aos idosos \u00e0 participa\u00e7\u00e3o em aulas de forma\u00e7\u00e3o especial aberta \u00e0 maturidade, aprofundando seus conhecimentos em diversas \u00e1reas como: sa\u00fade, educa\u00e7\u00e3o, ci\u00eancias agr\u00e1rias, direito, letras, pedagogia, tecnologia, cultura, lazer e temas relacionados ao envelhecimento humano.<\/p>\n<p>Atualmente a Universidade Aberta \u00e0 Maturidade, com o curso de <strong>Educa\u00e7\u00e3o para o Envelhecimento Humano<\/strong>, funciona nos Campus I (Campina Grande), II (Lagoa Seca) e III (Guarabira) da Universidade Estadual da Para\u00edba \u2013 UEPB.<\/p>\n<p>O referido curso tem dura\u00e7\u00e3o de quatro semestres (dois anos) e \u00e9 composto por disciplinas obrigat\u00f3rias e optativas distribu\u00eddas em 4 (quatro) eixos. As disciplinas e eixos tem\u00e1ticos s\u00e3o adequados \u00e0s realidades regionais e espec\u00edficas de cada Campus.<\/p>\n","protected":false},"excerpt":{"rendered":"<p>A Universidade Aberta \u00e0 Maturidade &#8211; UAMA tem como meta atender a demanda educativa de idosos a partir dos 60 (sessenta) anos de idade, contribuindo na melhoria das capacidades: pessoais, funcionais e s\u00f3cio-culturais, por meio da forma\u00e7\u00e3o e aten\u00e7\u00e3o social, que visa criar e dinamizar regularmente atividades educacionais, sociais, culturais e de conv\u00edvio, favorecendo a <a class=\"leiamais\" href=\"https:\/\/coordenadorias.uepb.edu.br\/ciefam\/sobre-a-uama\/\">Leia Mais&#8230;<\/a><\/p>\n","protected":false},"author":1,"featured_media":0,"parent":0,"menu_order":0,"comment_status":"closed","ping_status":"closed","template":"","meta":{"jetpack_post_was_ever_published":false,"footnotes":""},"class_list":["post-11","page","type-page","status-publish","hentry"],"jetpack_sharing_enabled":true,"jetpack_shortlink":"https:\/\/wp.me\/P7L2P6-b","jetpack-related-posts":[{"id":7,"url":"https:\/\/coordenadorias.uepb.edu.br\/ciefam\/sobre-a-ciefam\/","url_meta":{"origin":11,"position":0},"title":"Sobre a CIEFAM","author":"martinho","date":"22 de julho de 2016","format":false,"excerpt":"O cen\u00e1rio contempor\u00e2neo, com suas complexidades e desafios, necessita cada vez mais de pol\u00edticas p\u00fablicas que contemplem processos de mudan\u00e7a, adapta\u00e7\u00e3o, desenvolvimento, autonomia, qualidade de vida e que garantam os direitos do cidad\u00e3o. Diante disto, a Universidade Estadual da Para\u00edba, atrav\u00e9s de seus cursos de gradua\u00e7\u00e3o, p\u00f3s-gradua\u00e7\u00e3o, programas e projetos,\u2026","rel":"","context":"Post similar","block_context":{"text":"Post similar","link":""},"img":{"alt_text":"","src":"","width":0,"height":0},"classes":[]},{"id":25,"url":"https:\/\/coordenadorias.uepb.edu.br\/ciefam\/grupo-de-convivencia\/","url_meta":{"origin":11,"position":1},"title":"Grupo de Conviv\u00eancia","author":"martinho","date":"22 de julho de 2016","format":false,"excerpt":"O Grupo de Conviv\u00eancia \u00e9 um projeto desenvolvido pela CIEFAM e foi criado para os alunos egressos da UAMA. Este se configurou como uma alternativa de continuidade aos amplos benef\u00edcios que os idosos obtiveram ao longo de sua forma\u00e7\u00e3o na UAMA, proporcionando um espa\u00e7o para reencontro, conv\u00edvio, aprendizagem e troca\u2026","rel":"","context":"Post similar","block_context":{"text":"Post similar","link":""},"img":{"alt_text":"","src":"","width":0,"height":0},"classes":[]},{"id":13,"url":"https:\/\/coordenadorias.uepb.edu.br\/ciefam\/componentes-curriculares\/","url_meta":{"origin":11,"position":2},"title":"Componentes Curriculares","author":"martinho","date":"22 de julho de 2016","format":false,"excerpt":"[vc_row gap=\"30\" equal_height=\"yes\" el_class=\"conf-azul\"][vc_column width=\"1\/3\"][vc_text_separator title=\"Campina Grande\" i_icon_fontawesome=\"fas fa-map-marker-alt\" i_color=\"custom\" i_size=\"sm\" title_align=\"separator_align_left\" add_icon=\"true\" i_custom_color=\"#2d95bf\"][vc_text_separator title=\"Eixos Tem\u00e1ticos\" title_align=\"separator_align_left\"][vc_tta_accordion title_tag=\"p\" style=\"modern\" c_icon=\"triangle\" active_section=\"\" collapsible_all=\"true\"][vc_tta_section title=\"Sa\u00fade e Qualidade de vida\" tab_id=\"1652204730756-bf0168a8-d4ee\"][vc_column_text] Atividade F\u00edsica na Terceira Idade Biogerontologia Educa\u00e7\u00e3o para Sa\u00fade Integral Farmacologia para Terceira Idade Fisiogerontologia Nutri\u00e7\u00e3o Psicogerontologia Qualidade de vida e Envelhecimento\u2026","rel":"","context":"Post similar","block_context":{"text":"Post similar","link":""},"img":{"alt_text":"","src":"","width":0,"height":0},"classes":[]},{"id":223,"url":"https:\/\/coordenadorias.uepb.edu.br\/ciefam\/","url_meta":{"origin":11,"position":3},"title":"Home","author":"Thales Lacerda","date":"10 de maio de 2022","format":false,"excerpt":"[vc_row gap=\"30\" equal_height=\"yes\"][vc_column width=\"1\/2\" el_class=\"conf-azul\"][vc_text_separator title=\"Not\u00edcias\" i_icon_fontawesome=\"fas fa-newspaper\" i_color=\"custom\" title_align=\"separator_align_left\" add_icon=\"true\" i_custom_color=\"#2d95bf\"][\/vc_column][vc_column width=\"1\/2\" el_class=\"conf-azul\"][vc_text_separator title=\"V\u00eddeos\" i_icon_fontawesome=\"fas fa-video\" i_color=\"custom\" title_align=\"separator_align_left\" add_icon=\"true\" i_custom_color=\"#2d95bf\"][vc_row_inner][vc_column_inner width=\"1\/2\"][vc_column_text]Cola\u00e7\u00e3o de grau especial da UAMA\/UEPB[\/vc_column_text][vc_video link=\"https:\/\/www.youtube.com\/watch?v=8lZz3dnjLpY\"][\/vc_column_inner][vc_column_inner width=\"1\/2\"][vc_column_text]Solenidade de cola\u00e7\u00e3o de grau da UAMA[\/vc_column_text][vc_video link=\"https:\/\/www.youtube.com\/watch?v=iVYyrBGZFHU\"][\/vc_column_inner][\/vc_row_inner][vc_row_inner][vc_column_inner width=\"1\/2\"][vc_column_text]Uso de plantas medicinais \u00e9 debatido junto a alunos da UAMA[\/vc_column_text][vc_video link=\"https:\/\/www.youtube.com\/watch?v=Fww8-woSgWw\"][\/vc_column_inner][vc_column_inner width=\"1\/2\"][vc_column_text]UAMA celebra\u2026","rel":"","context":"Post similar","block_context":{"text":"Post similar","link":""},"img":{"alt_text":"","src":"","width":0,"height":0},"classes":[]},{"id":27,"url":"https:\/\/coordenadorias.uepb.edu.br\/ciefam\/minicursos-oficinas-e-palestras\/","url_meta":{"origin":11,"position":4},"title":"Minicursos, Oficinas e Palestras","author":"martinho","date":"22 de julho de 2016","format":false,"excerpt":"A dissemina\u00e7\u00e3o do conhecimento, atrav\u00e9s de minicursos, oficinas e palestras, \u00e9 mais um projeto desenvolvido pela CIEFAM para todo o p\u00fablico que deseja agregar informa\u00e7\u00f5es ao seu leque de aprendizado sobre aspectos do envelhecimento humano. Assim, com a realiza\u00e7\u00e3o de tais servi\u00e7os oferecidos no \u00e2mbito interno e externo a institui\u00e7\u00e3o,\u2026","rel":"","context":"Post similar","block_context":{"text":"Post similar","link":""},"img":{"alt_text":"","src":"","width":0,"height":0},"classes":[]},{"id":31,"url":"https:\/\/coordenadorias.uepb.edu.br\/ciefam\/equipe-docente\/","url_meta":{"origin":11,"position":5},"title":"Equipe Docente","author":"martinho","date":"22 de julho de 2016","format":false,"excerpt":"[vc_row el_class=\"conf-azul\"][vc_column][vc_column_text] ALMIRA LINS DE MEDEIROS \u2013 Departamento de Pedagogia \u2013 Campus I AUREN\u00cdSIA COUTINHO IVO - Departamento de Educa\u00e7\u00e3o - Campus III BELARMINO MARIANO NETO \u2013 Departamento de Geografia \u2013 Campus III BRENO DUTRA SERAFIM SOARES \u2013 Departamento de Filosofia e Ci\u00eancias Sociais \u2013 Campus I CAMILA FIRMINO DE\u2026","rel":"","context":"Post similar","block_context":{"text":"Post similar","link":""},"img":{"alt_text":"","src":"","width":0,"height":0},"classes":[]}],"_links":{"self":[{"href":"https:\/\/coordenadorias.uepb.edu.br\/ciefam\/wp-json\/wp\/v2\/pages\/11","targetHints":{"allow":["GET"]}}],"collection":[{"href":"https:\/\/coordenadorias.uepb.edu.br\/ciefam\/wp-json\/wp\/v2\/pages"}],"about":[{"href":"https:\/\/coordenadorias.uepb.edu.br\/ciefam\/wp-json\/wp\/v2\/types\/page"}],"author":[{"embeddable":true,"href":"https:\/\/coordenadorias.uepb.edu.br\/ciefam\/wp-json\/wp\/v2\/users\/1"}],"replies":[{"embeddable":true,"href":"https:\/\/coordenadorias.uepb.edu.br\/ciefam\/wp-json\/wp\/v2\/comments?post=11"}],"version-history":[{"count":1,"href":"https:\/\/coordenadorias.uepb.edu.br\/ciefam\/wp-json\/wp\/v2\/pages\/11\/revisions"}],"predecessor-version":[{"id":12,"href":"https:\/\/coordenadorias.uepb.edu.br\/ciefam\/wp-json\/wp\/v2\/pages\/11\/revisions\/12"}],"wp:attachment":[{"href":"https:\/\/coordenadorias.uepb.edu.br\/ciefam\/wp-json\/wp\/v2\/media?parent=11"}],"curies":[{"name":"wp","href":"https:\/\/api.w.org\/{rel}","templated":true}]}}

<p>A <strong>Universidade Aberta à Maturidade &#8211; UAMA</strong> tem como meta atender a demanda educativa de idosos a partir dos 60 (sessenta) anos de idade, contribuindo na melhoria das capacidades: pessoais, funcionais e sócio-culturais, por meio da formação e atenção social, que visa criar e dinamizar regularmente atividades educacionais, sociais, culturais e de convívio, favorecendo a melhoria na qualidade de vida. Tem como objetivo possibilitar aos idosos à participação em aulas de formação especial aberta à maturidade, aprofundando seus conhecimentos em diversas áreas como: saúde, educação, ciências agrárias, direito, letras, pedagogia, tecnologia, cultura, lazer e temas relacionados ao envelhecimento humano.</p>
<p>Atualmente a Universidade Aberta à Maturidade, com o curso de <strong>Educação para o Envelhecimento Humano</strong>, funciona nos Campus I (Campina Grande), II (Lagoa Seca) e III (Guarabira) da Universidade Estadual da Paraíba – UEPB.</p>
<p>O referido curso tem duração de quatro semestres (dois anos) e é composto por disciplinas obrigatórias e optativas distribuídas em 4 (quatro) eixos. As disciplinas e eixos temáticos são adequados às realidades regionais e específicas de cada Campus.</p>

<p>A Universidade Aberta à Maturidade &#8211; UAMA tem como meta atender a demanda educativa de idosos a partir dos 60 (sessenta) anos de idade, contribuindo na melhoria das capacidades: pessoais, funcionais e sócio-culturais, por meio da formação e atenção social, que visa criar e dinamizar regularmente atividades educacionais, sociais, culturais e de convívio, favorecendo a <a class="leiamais" href="https://coordenadorias.uepb.edu.br/ciefam/sobre-a-uama/">Leia Mais&#8230;</a></p>

O cenário contemporâneo, com suas complexidades e desafios, necessita cada vez mais de políticas públicas que contemplem processos de mudança, adaptação, desenvolvimento, autonomia, qualidade de vida e que garantam os direitos do cidadão. Diante disto, a Universidade Estadual da Paraíba, através de seus cursos de graduação, pós-graduação, programas e projetos,…

Grupo de Convivência

O Grupo de Convivência é um projeto desenvolvido pela CIEFAM e foi criado para os alunos egressos da UAMA. Este se configurou como uma alternativa de continuidade aos amplos benefícios que os idosos obtiveram ao longo de sua formação na UAMA, proporcionando um espaço para reencontro, convívio, aprendizagem e troca…

[vc_row gap="30" equal_height="yes" el_class="conf-azul"][vc_column width="1/3"][vc_text_separator title="Campina Grande" i_icon_fontawesome="fas fa-map-marker-alt" i_color="custom" i_size="sm" title_align="separator_align_left" add_icon="true" i_custom_color="#2d95bf"][vc_text_separator title="Eixos Temáticos" title_align="separator_align_left"][vc_tta_accordion title_tag="p" style="modern" c_icon="triangle" active_section="" collapsible_all="true"][vc_tta_section title="Saúde e Qualidade de vida" tab_id="1652204730756-bf0168a8-d4ee"][vc_column_text] Atividade Física na Terceira Idade Biogerontologia Educação para Saúde Integral Farmacologia para Terceira Idade Fisiogerontologia Nutrição Psicogerontologia Qualidade de vida e Envelhecimento…

[vc_row gap="30" equal_height="yes"][vc_column width="1/2" el_class="conf-azul"][vc_text_separator title="Notícias" i_icon_fontawesome="fas fa-newspaper" i_color="custom" title_align="separator_align_left" add_icon="true" i_custom_color="#2d95bf"][/vc_column][vc_column width="1/2" el_class="conf-azul"][vc_text_separator title="Vídeos" i_icon_fontawesome="fas fa-video" i_color="custom" title_align="separator_align_left" add_icon="true" i_custom_color="#2d95bf"][vc_row_inner][vc_column_inner width="1/2"][vc_column_text]Colação de grau especial da UAMA/UEPB[/vc_column_text][vc_video link="https://www.youtube.com/watch?v=8lZz3dnjLpY"][/vc_column_inner][vc_column_inner width="1/2"][vc_column_text]Solenidade de colação de grau da UAMA[/vc_column_text][vc_video link="https://www.youtube.com/watch?v=iVYyrBGZFHU"][/vc_column_inner][/vc_row_inner][vc_row_inner][vc_column_inner width="1/2"][vc_column_text]Uso de plantas medicinais é debatido junto a alunos da UAMA[/vc_column_text][vc_video link="https://www.youtube.com/watch?v=Fww8-woSgWw"][/vc_column_inner][vc_column_inner width="1/2"][vc_column_text]UAMA celebra…

A disseminação do conhecimento, através de minicursos, oficinas e palestras, é mais um projeto desenvolvido pela CIEFAM para todo o público que deseja agregar informações ao seu leque de aprendizado sobre aspectos do envelhecimento humano. Assim, com a realização de tais serviços oferecidos no âmbito interno e externo a instituição,…

[vc_row el_class="conf-azul"][vc_column][vc_column_text] ALMIRA LINS DE MEDEIROS – Departamento de Pedagogia – Campus I AURENÍSIA COUTINHO IVO - Departamento de Educação - Campus III BELARMINO MARIANO NETO – Departamento de Geografia – Campus III BRENO DUTRA SERAFIM SOARES – Departamento de Filosofia e Ciências Sociais – Campus I CAMILA FIRMINO DE…
